{"id":9838,"date":"2024-10-16T23:28:53","date_gmt":"2024-10-16T20:28:53","guid":{"rendered":"https:\/\/kervanmagazacilik.com\/?post_type=product&#038;p=9838"},"modified":"2024-10-16T23:28:53","modified_gmt":"2024-10-16T20:28:53","slug":"10176npt00026","status":"publish","type":"product","link":"https:\/\/kervanmagazacilik.com\/index.php\/urun\/10176npt00026\/","title":{"rendered":"10176NPT00026"},"content":{"rendered":"<p>10176NPT00026<\/p>\n<p>BLACK VANILYA YEDEK KOKU 500 CC<\/p>\n<p>Plastik \u015feffaf \u015fi\u015fedir.<br \/>\nKapa\u011f\u0131n\u0131 a\u00e7\u0131p, oda kokusu \u015fi\u015fenizin i\u00e7ine bo\u015falt\u0131n\u0131z.<\/p>\n<p>\u00dcst notalar: Hindistan Cevizi, Muz<br \/>\nOrta notalar: Orris, Mimoza<br \/>\nTemel notalar: Yosun, Beyaz \u00c7ikolata, Vanilya, Sandal A\u011fac\u0131<\/p>\n","protected":false},"excerpt":{"rendered":"<p>10176NPT00026 BLACK VANILYA YEDEK KOKU 500 CC Plastik \u015feffaf \u015fi\u015fedir. Kapa\u011f\u0131n\u0131 a\u00e7\u0131p, oda kokusu \u015fi\u015fenizin i\u00e7ine bo\u015falt\u0131n\u0131z. \u00dcst notalar: Hindistan Cevizi, Muz Orta notalar: Orris, Mimoza Temel notalar: Yosun, Beyaz \u00c7ikolata, Vanilya, Sandal A\u011fac\u0131<\/p>\n","protected":false},"featured_media":9839,"template":"","meta":[],"product_brand":[],"product_cat":[2101],"product_tag":[2128],"class_list":{"0":"post-9838","1":"product","2":"type-product","3":"status-publish","4":"has-post-thumbnail","6":"product_cat-10176npt","7":"product_tag-10176npt00026","9":"first","10":"instock","11":"taxable","12":"shipping-taxable","13":"product-type-simple"},"_links":{"self":[{"href":"https:\/\/kervanmagazacilik.com\/index.php\/wp-json\/wp\/v2\/product\/9838","targetHints":{"allow":["GET"]}}],"collection":[{"href":"https:\/\/kervanmagazacilik.com\/index.php\/wp-json\/wp\/v2\/product"}],"about":[{"href":"https:\/\/kervanmagazacilik.com\/index.php\/wp-json\/wp\/v2\/types\/product"}],"wp:featuredmedia":[{"embeddable":true,"href":"https:\/\/kervanmagazacilik.com\/index.php\/wp-json\/wp\/v2\/media\/9839"}],"wp:attachment":[{"href":"https:\/\/kervanmagazacilik.com\/index.php\/wp-json\/wp\/v2\/media?parent=9838"}],"wp:term":[{"taxonomy":"product_brand","embeddable":true,"href":"https:\/\/kervanmagazacilik.com\/index.php\/wp-json\/wp\/v2\/product_brand?post=9838"},{"taxonomy":"product_cat","embeddable":true,"href":"https:\/\/kervanmagazacilik.com\/index.php\/wp-json\/wp\/v2\/product_cat?post=9838"},{"taxonomy":"product_tag","embeddable":true,"href":"https:\/\/kervanmagazacilik.com\/index.php\/wp-json\/wp\/v2\/product_tag?post=9838"}],"curies":[{"name":"wp","href":"https:\/\/api.w.org\/{rel}","templated":true}]}}