{"id":9786,"date":"2024-10-16T22:38:31","date_gmt":"2024-10-16T19:38:31","guid":{"rendered":"https:\/\/kervanmagazacilik.com\/?post_type=product&#038;p=9786"},"modified":"2024-10-16T22:38:31","modified_gmt":"2024-10-16T19:38:31","slug":"10176npt00008","status":"publish","type":"product","link":"https:\/\/kervanmagazacilik.com\/index.php\/urun\/10176npt00008\/","title":{"rendered":"10176NPT00008"},"content":{"rendered":"<p>10176NPT00008<\/p>\n<p>BOMBAY BUDA HEYKEL HAKI 12&#215;15 cm<\/p>\n<p>KOKU: DARK AMBER KOKULU TA\u015e HEYKELD\u0130R.<\/p>\n<p>\u00dcst notalar: Portakal, \u0130ncir<br \/>\nOrta notalar: Zencefil, G\u00fcl<br \/>\nTemel notalar: Musk, Amber, Vetiver, Sedir A\u011fac\u0131, Pa\u00e7uli, Vanilya<\/p>\n","protected":false},"excerpt":{"rendered":"<p>10176NPT00008 BOMBAY BUDA HEYKEL HAKI 12&#215;15 cm KOKU: DARK AMBER KOKULU TA\u015e HEYKELD\u0130R. \u00dcst notalar: Portakal, \u0130ncir Orta notalar: Zencefil, G\u00fcl Temel notalar: Musk, Amber, Vetiver, Sedir A\u011fac\u0131, Pa\u00e7uli, Vanilya<\/p>\n","protected":false},"featured_media":9787,"template":"","meta":[],"product_brand":[],"product_cat":[2101],"product_tag":[2112],"class_list":{"0":"post-9786","1":"product","2":"type-product","3":"status-publish","4":"has-post-thumbnail","6":"product_cat-10176npt","7":"product_tag-10176npt00008","9":"first","10":"instock","11":"taxable","12":"shipping-taxable","13":"product-type-simple"},"_links":{"self":[{"href":"https:\/\/kervanmagazacilik.com\/index.php\/wp-json\/wp\/v2\/product\/9786","targetHints":{"allow":["GET"]}}],"collection":[{"href":"https:\/\/kervanmagazacilik.com\/index.php\/wp-json\/wp\/v2\/product"}],"about":[{"href":"https:\/\/kervanmagazacilik.com\/index.php\/wp-json\/wp\/v2\/types\/product"}],"wp:featuredmedia":[{"embeddable":true,"href":"https:\/\/kervanmagazacilik.com\/index.php\/wp-json\/wp\/v2\/media\/9787"}],"wp:attachment":[{"href":"https:\/\/kervanmagazacilik.com\/index.php\/wp-json\/wp\/v2\/media?parent=9786"}],"wp:term":[{"taxonomy":"product_brand","embeddable":true,"href":"https:\/\/kervanmagazacilik.com\/index.php\/wp-json\/wp\/v2\/product_brand?post=9786"},{"taxonomy":"product_cat","embeddable":true,"href":"https:\/\/kervanmagazacilik.com\/index.php\/wp-json\/wp\/v2\/product_cat?post=9786"},{"taxonomy":"product_tag","embeddable":true,"href":"https:\/\/kervanmagazacilik.com\/index.php\/wp-json\/wp\/v2\/product_tag?post=9786"}],"curies":[{"name":"wp","href":"https:\/\/api.w.org\/{rel}","templated":true}]}}