{"id":9429,"date":"2024-10-14T08:28:51","date_gmt":"2024-10-14T05:28:51","guid":{"rendered":"https:\/\/kervanmagazacilik.com\/?post_type=product&#038;p=9429"},"modified":"2025-01-14T09:45:20","modified_gmt":"2025-01-14T06:45:20","slug":"611pym000029","status":"publish","type":"product","link":"https:\/\/kervanmagazacilik.com\/index.php\/urun\/611pym000029\/","title":{"rendered":"611PYM000029"},"content":{"rendered":"<p>611PYM000029<\/p>\n<p>FOR KAP\u0130TONE PUF KAHVE 80x140x45cm (LETTO 2607)<\/p>\n<p>SADECE KURU TEM\u0130ZLEME YAPILAB\u0130L\u0130R.<\/p>\n<p>% 100 POLYESTER \u0130THAL \u00d6RME<\/p>\n<p>KUMA\u015e ARKA Y\u00dcZ\u00dc LAM\u0130NEL\u0130<\/p>\n","protected":false},"excerpt":{"rendered":"<p>611PYM000029 FOR KAP\u0130TONE PUF KAHVE 80x140x45cm (LETTO 2607) SADECE KURU TEM\u0130ZLEME YAPILAB\u0130L\u0130R. % 100 POLYESTER \u0130THAL \u00d6RME KUMA\u015e ARKA Y\u00dcZ\u00dc LAM\u0130NEL\u0130<\/p>\n","protected":false},"featured_media":9433,"template":"","meta":[],"product_brand":[],"product_cat":[73],"product_tag":[2035],"class_list":{"0":"post-9429","1":"product","2":"type-product","3":"status-publish","4":"has-post-thumbnail","6":"product_cat-611pym","7":"product_tag-611pym000029","9":"first","10":"instock","11":"taxable","12":"shipping-taxable","13":"product-type-simple"},"_links":{"self":[{"href":"https:\/\/kervanmagazacilik.com\/index.php\/wp-json\/wp\/v2\/product\/9429","targetHints":{"allow":["GET"]}}],"collection":[{"href":"https:\/\/kervanmagazacilik.com\/index.php\/wp-json\/wp\/v2\/product"}],"about":[{"href":"https:\/\/kervanmagazacilik.com\/index.php\/wp-json\/wp\/v2\/types\/product"}],"wp:featuredmedia":[{"embeddable":true,"href":"https:\/\/kervanmagazacilik.com\/index.php\/wp-json\/wp\/v2\/media\/9433"}],"wp:attachment":[{"href":"https:\/\/kervanmagazacilik.com\/index.php\/wp-json\/wp\/v2\/media?parent=9429"}],"wp:term":[{"taxonomy":"product_brand","embeddable":true,"href":"https:\/\/kervanmagazacilik.com\/index.php\/wp-json\/wp\/v2\/product_brand?post=9429"},{"taxonomy":"product_cat","embeddable":true,"href":"https:\/\/kervanmagazacilik.com\/index.php\/wp-json\/wp\/v2\/product_cat?post=9429"},{"taxonomy":"product_tag","embeddable":true,"href":"https:\/\/kervanmagazacilik.com\/index.php\/wp-json\/wp\/v2\/product_tag?post=9429"}],"curies":[{"name":"wp","href":"https:\/\/api.w.org\/{rel}","templated":true}]}}