{"id":9130,"date":"2024-10-03T14:44:14","date_gmt":"2024-10-03T11:44:14","guid":{"rendered":"https:\/\/kervanmagazacilik.com\/?post_type=product&#038;p=9130"},"modified":"2024-10-03T14:44:14","modified_gmt":"2024-10-03T11:44:14","slug":"611dnt000027","status":"publish","type":"product","link":"https:\/\/kervanmagazacilik.com\/index.php\/urun\/611dnt000027\/","title":{"rendered":"611DNT000027"},"content":{"rendered":"<p>611DNT000027<\/p>\n<p>KRVN-047 TASSEL SEHPA 45x45x54cm<\/p>\n<p>\u00d6l\u00e7\u00fc: 45X45X54 CM<\/p>\n<p>D\u0131\u015f mekanda kullan\u0131lmaya uygun de\u011fildir.<br \/>\n\u00c7ok g\u00fcne\u015f alan, y\u00fcksek s\u0131cakl\u0131\u011f\u0131n bulundu\u011fu cam kenar\u0131 vs gibi yerlerde kullan\u0131lmamal\u0131d\u0131r.<br \/>\nKuru bez ile toz al\u0131nmal\u0131d\u0131r.<\/p>\n","protected":false},"excerpt":{"rendered":"<p>611DNT000027 KRVN-047 TASSEL SEHPA 45x45x54cm \u00d6l\u00e7\u00fc: 45X45X54 CM D\u0131\u015f mekanda kullan\u0131lmaya uygun de\u011fildir. \u00c7ok g\u00fcne\u015f alan, y\u00fcksek s\u0131cakl\u0131\u011f\u0131n bulundu\u011fu cam kenar\u0131 vs gibi yerlerde kullan\u0131lmamal\u0131d\u0131r. Kuru bez ile toz al\u0131nmal\u0131d\u0131r.<\/p>\n","protected":false},"featured_media":9131,"template":"","meta":[],"product_brand":[],"product_cat":[88],"product_tag":[1977],"class_list":{"0":"post-9130","1":"product","2":"type-product","3":"status-publish","4":"has-post-thumbnail","6":"product_cat-611dnt","7":"product_tag-611dnt000027","9":"first","10":"instock","11":"taxable","12":"shipping-taxable","13":"product-type-simple"},"_links":{"self":[{"href":"https:\/\/kervanmagazacilik.com\/index.php\/wp-json\/wp\/v2\/product\/9130","targetHints":{"allow":["GET"]}}],"collection":[{"href":"https:\/\/kervanmagazacilik.com\/index.php\/wp-json\/wp\/v2\/product"}],"about":[{"href":"https:\/\/kervanmagazacilik.com\/index.php\/wp-json\/wp\/v2\/types\/product"}],"wp:featuredmedia":[{"embeddable":true,"href":"https:\/\/kervanmagazacilik.com\/index.php\/wp-json\/wp\/v2\/media\/9131"}],"wp:attachment":[{"href":"https:\/\/kervanmagazacilik.com\/index.php\/wp-json\/wp\/v2\/media?parent=9130"}],"wp:term":[{"taxonomy":"product_brand","embeddable":true,"href":"https:\/\/kervanmagazacilik.com\/index.php\/wp-json\/wp\/v2\/product_brand?post=9130"},{"taxonomy":"product_cat","embeddable":true,"href":"https:\/\/kervanmagazacilik.com\/index.php\/wp-json\/wp\/v2\/product_cat?post=9130"},{"taxonomy":"product_tag","embeddable":true,"href":"https:\/\/kervanmagazacilik.com\/index.php\/wp-json\/wp\/v2\/product_tag?post=9130"}],"curies":[{"name":"wp","href":"https:\/\/api.w.org\/{rel}","templated":true}]}}