{"id":9065,"date":"2024-10-03T14:16:10","date_gmt":"2024-10-03T11:16:10","guid":{"rendered":"https:\/\/kervanmagazacilik.com\/?post_type=product&#038;p=9065"},"modified":"2024-10-03T14:16:10","modified_gmt":"2024-10-03T11:16:10","slug":"611dnt000004","status":"publish","type":"product","link":"https:\/\/kervanmagazacilik.com\/index.php\/urun\/611dnt000004\/","title":{"rendered":"611DNT000004"},"content":{"rendered":"<p>611DNT000004<\/p>\n<p>KRVN-045 BRONZ AYNALI BESLI ORTA SEHPA PIRINC ESKITME<\/p>\n<p>B\u00fcy\u00fck Par\u00e7a: 90x90x46cm (1 adet)<br \/>\nK\u00fc\u00e7\u00fck Par\u00e7alar: 41x41x40 cm (4 adet)<\/p>\n","protected":false},"excerpt":{"rendered":"<p>611DNT000004 KRVN-045 BRONZ AYNALI BESLI ORTA SEHPA PIRINC ESKITME B\u00fcy\u00fck Par\u00e7a: 90x90x46cm (1 adet) K\u00fc\u00e7\u00fck Par\u00e7alar: 41x41x40 cm (4 adet)<\/p>\n","protected":false},"featured_media":9066,"template":"","meta":[],"product_brand":[],"product_cat":[88],"product_tag":[1964],"class_list":{"0":"post-9065","1":"product","2":"type-product","3":"status-publish","4":"has-post-thumbnail","6":"product_cat-611dnt","7":"product_tag-611dnt000004","9":"first","10":"instock","11":"taxable","12":"shipping-taxable","13":"product-type-simple"},"_links":{"self":[{"href":"https:\/\/kervanmagazacilik.com\/index.php\/wp-json\/wp\/v2\/product\/9065","targetHints":{"allow":["GET"]}}],"collection":[{"href":"https:\/\/kervanmagazacilik.com\/index.php\/wp-json\/wp\/v2\/product"}],"about":[{"href":"https:\/\/kervanmagazacilik.com\/index.php\/wp-json\/wp\/v2\/types\/product"}],"wp:featuredmedia":[{"embeddable":true,"href":"https:\/\/kervanmagazacilik.com\/index.php\/wp-json\/wp\/v2\/media\/9066"}],"wp:attachment":[{"href":"https:\/\/kervanmagazacilik.com\/index.php\/wp-json\/wp\/v2\/media?parent=9065"}],"wp:term":[{"taxonomy":"product_brand","embeddable":true,"href":"https:\/\/kervanmagazacilik.com\/index.php\/wp-json\/wp\/v2\/product_brand?post=9065"},{"taxonomy":"product_cat","embeddable":true,"href":"https:\/\/kervanmagazacilik.com\/index.php\/wp-json\/wp\/v2\/product_cat?post=9065"},{"taxonomy":"product_tag","embeddable":true,"href":"https:\/\/kervanmagazacilik.com\/index.php\/wp-json\/wp\/v2\/product_tag?post=9065"}],"curies":[{"name":"wp","href":"https:\/\/api.w.org\/{rel}","templated":true}]}}