{"id":8371,"date":"2024-09-24T11:17:53","date_gmt":"2024-09-24T08:17:53","guid":{"rendered":"https:\/\/kervanmagazacilik.com\/?post_type=product&#038;p=8371"},"modified":"2024-09-24T11:17:57","modified_gmt":"2024-09-24T08:17:57","slug":"611drs000004","status":"publish","type":"product","link":"https:\/\/kervanmagazacilik.com\/index.php\/urun\/611drs000004\/","title":{"rendered":"611DRS000004"},"content":{"rendered":"<p>611DRS000004<\/p>\n<p>SC548 LIBERIA KOSE KOLTUK+SEHPA 85x284x78cm<\/p>\n<p>KOLTUK : 85x198x78cm<br \/>\nUZANMA : 86x178x78cm<br \/>\nSEHPA : 55x95x43cm<\/p>\n<p>Su S\u00fcmb\u00fcl\u00fc ve Do\u011fal Rattan<\/p>\n<p>DO\u011eAL RATTAN OLDUKLARI \u0130\u00c7\u0130N \u00dcST\u00dc KAPALI ORTAMDA KULLANILMALIDIR.<\/p>\n<p>%100 POLYESTER BAH\u00c7E MOB\u0130LYASI KUMA\u015eI<\/p>\n","protected":false},"excerpt":{"rendered":"<p>611DRS000004 SC548 LIBERIA KOSE KOLTUK+SEHPA 85x284x78cm KOLTUK : 85x198x78cm UZANMA : 86x178x78cm SEHPA : 55x95x43cm Su S\u00fcmb\u00fcl\u00fc ve Do\u011fal Rattan DO\u011eAL RATTAN OLDUKLARI \u0130\u00c7\u0130N \u00dcST\u00dc KAPALI ORTAMDA KULLANILMALIDIR. %100 POLYESTER BAH\u00c7E MOB\u0130LYASI KUMA\u015eI<\/p>\n","protected":false},"featured_media":8372,"template":"","meta":[],"product_brand":[],"product_cat":[1815],"product_tag":[1818],"class_list":{"0":"post-8371","1":"product","2":"type-product","3":"status-publish","4":"has-post-thumbnail","6":"product_cat-611drs","7":"product_tag-611drs000004","9":"first","10":"instock","11":"taxable","12":"shipping-taxable","13":"product-type-simple"},"_links":{"self":[{"href":"https:\/\/kervanmagazacilik.com\/index.php\/wp-json\/wp\/v2\/product\/8371","targetHints":{"allow":["GET"]}}],"collection":[{"href":"https:\/\/kervanmagazacilik.com\/index.php\/wp-json\/wp\/v2\/product"}],"about":[{"href":"https:\/\/kervanmagazacilik.com\/index.php\/wp-json\/wp\/v2\/types\/product"}],"wp:featuredmedia":[{"embeddable":true,"href":"https:\/\/kervanmagazacilik.com\/index.php\/wp-json\/wp\/v2\/media\/8372"}],"wp:attachment":[{"href":"https:\/\/kervanmagazacilik.com\/index.php\/wp-json\/wp\/v2\/media?parent=8371"}],"wp:term":[{"taxonomy":"product_brand","embeddable":true,"href":"https:\/\/kervanmagazacilik.com\/index.php\/wp-json\/wp\/v2\/product_brand?post=8371"},{"taxonomy":"product_cat","embeddable":true,"href":"https:\/\/kervanmagazacilik.com\/index.php\/wp-json\/wp\/v2\/product_cat?post=8371"},{"taxonomy":"product_tag","embeddable":true,"href":"https:\/\/kervanmagazacilik.com\/index.php\/wp-json\/wp\/v2\/product_tag?post=8371"}],"curies":[{"name":"wp","href":"https:\/\/api.w.org\/{rel}","templated":true}]}}