{"id":7815,"date":"2024-09-23T08:41:02","date_gmt":"2024-09-23T05:41:02","guid":{"rendered":"https:\/\/kervanmagazacilik.com\/?post_type=product&#038;p=7815"},"modified":"2024-09-23T08:41:03","modified_gmt":"2024-09-23T05:41:03","slug":"611artf00239","status":"publish","type":"product","link":"https:\/\/kervanmagazacilik.com\/index.php\/urun\/611artf00239\/","title":{"rendered":"611ARTF00239"},"content":{"rendered":"<p>611ARTF00239<\/p>\n<p>ET\u0130ENNE \u015e\u0130FONYER GR\u0130 12 \u00c7EKMECE 53x178x101cm 317131-2610<\/p>\n","protected":false},"excerpt":{"rendered":"<p>611ARTF00239 ET\u0130ENNE \u015e\u0130FONYER GR\u0130 12 \u00c7EKMECE 53x178x101cm 317131-2610<\/p>\n","protected":false},"featured_media":7818,"template":"","meta":[],"product_brand":[],"product_cat":[41],"product_tag":[1707],"class_list":{"0":"post-7815","1":"product","2":"type-product","3":"status-publish","4":"has-post-thumbnail","6":"product_cat-611artf","7":"product_tag-611artf00239","9":"first","10":"instock","11":"taxable","12":"shipping-taxable","13":"product-type-simple"},"_links":{"self":[{"href":"https:\/\/kervanmagazacilik.com\/index.php\/wp-json\/wp\/v2\/product\/7815","targetHints":{"allow":["GET"]}}],"collection":[{"href":"https:\/\/kervanmagazacilik.com\/index.php\/wp-json\/wp\/v2\/product"}],"about":[{"href":"https:\/\/kervanmagazacilik.com\/index.php\/wp-json\/wp\/v2\/types\/product"}],"wp:featuredmedia":[{"embeddable":true,"href":"https:\/\/kervanmagazacilik.com\/index.php\/wp-json\/wp\/v2\/media\/7818"}],"wp:attachment":[{"href":"https:\/\/kervanmagazacilik.com\/index.php\/wp-json\/wp\/v2\/media?parent=7815"}],"wp:term":[{"taxonomy":"product_brand","embeddable":true,"href":"https:\/\/kervanmagazacilik.com\/index.php\/wp-json\/wp\/v2\/product_brand?post=7815"},{"taxonomy":"product_cat","embeddable":true,"href":"https:\/\/kervanmagazacilik.com\/index.php\/wp-json\/wp\/v2\/product_cat?post=7815"},{"taxonomy":"product_tag","embeddable":true,"href":"https:\/\/kervanmagazacilik.com\/index.php\/wp-json\/wp\/v2\/product_tag?post=7815"}],"curies":[{"name":"wp","href":"https:\/\/api.w.org\/{rel}","templated":true}]}}