{"id":6885,"date":"2024-09-22T17:29:44","date_gmt":"2024-09-22T14:29:44","guid":{"rendered":"https:\/\/kervanmagazacilik.com\/?post_type=product&#038;p=6885"},"modified":"2024-09-22T17:29:44","modified_gmt":"2024-09-22T14:29:44","slug":"611dsg000027","status":"publish","type":"product","link":"https:\/\/kervanmagazacilik.com\/index.php\/urun\/611dsg000027\/","title":{"rendered":"611DSG000027"},"content":{"rendered":"<p>611DSG000027<\/p>\n<p>BAKAU CAM MASA<\/p>\n<p>do\u011fal ah\u015fap par\u00e7alar\u0131 -cam<\/p>\n<p>AYAK : 53x53x76cm<\/p>\n","protected":false},"excerpt":{"rendered":"<p>611DSG000027 BAKAU CAM MASA do\u011fal ah\u015fap par\u00e7alar\u0131 -cam AYAK : 53x53x76cm<\/p>\n","protected":false},"featured_media":6886,"template":"","meta":[],"product_brand":[],"product_cat":[1500],"product_tag":[1524],"class_list":{"0":"post-6885","1":"product","2":"type-product","3":"status-publish","4":"has-post-thumbnail","6":"product_cat-611dsg","7":"product_tag-611dsg000027","9":"first","10":"instock","11":"taxable","12":"shipping-taxable","13":"product-type-simple"},"_links":{"self":[{"href":"https:\/\/kervanmagazacilik.com\/index.php\/wp-json\/wp\/v2\/product\/6885","targetHints":{"allow":["GET"]}}],"collection":[{"href":"https:\/\/kervanmagazacilik.com\/index.php\/wp-json\/wp\/v2\/product"}],"about":[{"href":"https:\/\/kervanmagazacilik.com\/index.php\/wp-json\/wp\/v2\/types\/product"}],"wp:featuredmedia":[{"embeddable":true,"href":"https:\/\/kervanmagazacilik.com\/index.php\/wp-json\/wp\/v2\/media\/6886"}],"wp:attachment":[{"href":"https:\/\/kervanmagazacilik.com\/index.php\/wp-json\/wp\/v2\/media?parent=6885"}],"wp:term":[{"taxonomy":"product_brand","embeddable":true,"href":"https:\/\/kervanmagazacilik.com\/index.php\/wp-json\/wp\/v2\/product_brand?post=6885"},{"taxonomy":"product_cat","embeddable":true,"href":"https:\/\/kervanmagazacilik.com\/index.php\/wp-json\/wp\/v2\/product_cat?post=6885"},{"taxonomy":"product_tag","embeddable":true,"href":"https:\/\/kervanmagazacilik.com\/index.php\/wp-json\/wp\/v2\/product_tag?post=6885"}],"curies":[{"name":"wp","href":"https:\/\/api.w.org\/{rel}","templated":true}]}}