{"id":5666,"date":"2024-09-21T17:34:51","date_gmt":"2024-09-21T14:34:51","guid":{"rendered":"https:\/\/kervanmagazacilik.com\/?post_type=product&#038;p=5666"},"modified":"2024-09-21T17:34:52","modified_gmt":"2024-09-21T14:34:52","slug":"611vs0000008","status":"publish","type":"product","link":"https:\/\/kervanmagazacilik.com\/index.php\/urun\/611vs0000008\/","title":{"rendered":"611VS0000008"},"content":{"rendered":"<p>611VS0000008<\/p>\n<p>L\u0130DO D\u00d6NER TEKL\u0130 KOLTUK KAHVE 80x75x87cm ( M\u0130LANO 5005)<\/p>\n<p>( M\u0130LANO 5005)<\/p>\n<p>%100 POLYESTER<\/p>\n<p>Mod\u00fcl iskeletlerinde t\u00fcm ta\u015f\u0131y\u0131c\u0131 elemanlar profil olup g\u00fcrgen a\u011fac\u0131 ile desteklenmi\u015ftir<\/p>\n<p>D\u00f6nerli tekli koltukta metal ayak kullan\u0131l\u0131p siyah f\u0131r\u0131n boya at\u0131lm\u0131\u015ft\u0131r<\/p>\n<p>Kuma\u015f Temizli\u011fi;<br \/>\nG\u00fcne\u015ften uzak tutulmal\u0131d\u0131r. Temizlerken kimyasal madde kullan\u0131lmamal\u0131d\u0131r.<br \/>\nProfesyonel temizleme deste\u011fi \u00f6nerilir.<\/p>\n","protected":false},"excerpt":{"rendered":"<p>611VS0000008 L\u0130DO D\u00d6NER TEKL\u0130 KOLTUK KAHVE 80x75x87cm ( M\u0130LANO 5005) ( M\u0130LANO 5005) %100 POLYESTER Mod\u00fcl iskeletlerinde t\u00fcm ta\u015f\u0131y\u0131c\u0131 elemanlar profil olup g\u00fcrgen a\u011fac\u0131 ile desteklenmi\u015ftir D\u00f6nerli tekli koltukta metal ayak kullan\u0131l\u0131p siyah f\u0131r\u0131n boya at\u0131lm\u0131\u015ft\u0131r Kuma\u015f Temizli\u011fi; G\u00fcne\u015ften uzak tutulmal\u0131d\u0131r. Temizlerken kimyasal madde kullan\u0131lmamal\u0131d\u0131r. Profesyonel temizleme deste\u011fi \u00f6nerilir.<\/p>\n","protected":false},"featured_media":5667,"template":"","meta":[],"product_brand":[],"product_cat":[1316],"product_tag":[1324],"class_list":{"0":"post-5666","1":"product","2":"type-product","3":"status-publish","4":"has-post-thumbnail","6":"product_cat-611vs","7":"product_tag-611vs0000008","9":"first","10":"instock","11":"taxable","12":"shipping-taxable","13":"product-type-simple"},"_links":{"self":[{"href":"https:\/\/kervanmagazacilik.com\/index.php\/wp-json\/wp\/v2\/product\/5666","targetHints":{"allow":["GET"]}}],"collection":[{"href":"https:\/\/kervanmagazacilik.com\/index.php\/wp-json\/wp\/v2\/product"}],"about":[{"href":"https:\/\/kervanmagazacilik.com\/index.php\/wp-json\/wp\/v2\/types\/product"}],"wp:featuredmedia":[{"embeddable":true,"href":"https:\/\/kervanmagazacilik.com\/index.php\/wp-json\/wp\/v2\/media\/5667"}],"wp:attachment":[{"href":"https:\/\/kervanmagazacilik.com\/index.php\/wp-json\/wp\/v2\/media?parent=5666"}],"wp:term":[{"taxonomy":"product_brand","embeddable":true,"href":"https:\/\/kervanmagazacilik.com\/index.php\/wp-json\/wp\/v2\/product_brand?post=5666"},{"taxonomy":"product_cat","embeddable":true,"href":"https:\/\/kervanmagazacilik.com\/index.php\/wp-json\/wp\/v2\/product_cat?post=5666"},{"taxonomy":"product_tag","embeddable":true,"href":"https:\/\/kervanmagazacilik.com\/index.php\/wp-json\/wp\/v2\/product_tag?post=5666"}],"curies":[{"name":"wp","href":"https:\/\/api.w.org\/{rel}","templated":true}]}}