{"id":5213,"date":"2024-09-21T14:04:09","date_gmt":"2024-09-21T11:04:09","guid":{"rendered":"https:\/\/kervanmagazacilik.com\/?post_type=product&#038;p=5213"},"modified":"2024-09-21T14:04:09","modified_gmt":"2024-09-21T11:04:09","slug":"611sst000003","status":"publish","type":"product","link":"https:\/\/kervanmagazacilik.com\/index.php\/urun\/611sst000003\/","title":{"rendered":"611SST000003"},"content":{"rendered":"<p>611SST000003<\/p>\n<p>KOLTUK TK 2+1+1+ORTA SEHPA 74x142x89cm<\/p>\n<p>Kuru veya Nemli temiz bir bez yard\u0131m\u0131yla temizlenmelidir.<\/p>\n<p>TEKL\u0130 KOLTUK :60x68x88cm<\/p>\n<p>ORTA SEHPA: 50x110x47cm<\/p>\n","protected":false},"excerpt":{"rendered":"<p>611SST000003 KOLTUK TK 2+1+1+ORTA SEHPA 74x142x89cm Kuru veya Nemli temiz bir bez yard\u0131m\u0131yla temizlenmelidir. TEKL\u0130 KOLTUK :60x68x88cm ORTA SEHPA: 50x110x47cm<\/p>\n","protected":false},"featured_media":5214,"template":"","meta":[],"product_brand":[],"product_cat":[117],"product_tag":[1234],"class_list":{"0":"post-5213","1":"product","2":"type-product","3":"status-publish","4":"has-post-thumbnail","6":"product_cat-611sst","7":"product_tag-611sst000003","9":"first","10":"instock","11":"taxable","12":"shipping-taxable","13":"product-type-simple"},"_links":{"self":[{"href":"https:\/\/kervanmagazacilik.com\/index.php\/wp-json\/wp\/v2\/product\/5213","targetHints":{"allow":["GET"]}}],"collection":[{"href":"https:\/\/kervanmagazacilik.com\/index.php\/wp-json\/wp\/v2\/product"}],"about":[{"href":"https:\/\/kervanmagazacilik.com\/index.php\/wp-json\/wp\/v2\/types\/product"}],"wp:featuredmedia":[{"embeddable":true,"href":"https:\/\/kervanmagazacilik.com\/index.php\/wp-json\/wp\/v2\/media\/5214"}],"wp:attachment":[{"href":"https:\/\/kervanmagazacilik.com\/index.php\/wp-json\/wp\/v2\/media?parent=5213"}],"wp:term":[{"taxonomy":"product_brand","embeddable":true,"href":"https:\/\/kervanmagazacilik.com\/index.php\/wp-json\/wp\/v2\/product_brand?post=5213"},{"taxonomy":"product_cat","embeddable":true,"href":"https:\/\/kervanmagazacilik.com\/index.php\/wp-json\/wp\/v2\/product_cat?post=5213"},{"taxonomy":"product_tag","embeddable":true,"href":"https:\/\/kervanmagazacilik.com\/index.php\/wp-json\/wp\/v2\/product_tag?post=5213"}],"curies":[{"name":"wp","href":"https:\/\/api.w.org\/{rel}","templated":true}]}}