{"id":5127,"date":"2024-09-21T12:35:04","date_gmt":"2024-09-21T09:35:04","guid":{"rendered":"https:\/\/kervanmagazacilik.com\/?post_type=product&#038;p=5127"},"modified":"2024-09-21T12:35:04","modified_gmt":"2024-09-21T09:35:04","slug":"611slf000003","status":"publish","type":"product","link":"https:\/\/kervanmagazacilik.com\/index.php\/urun\/611slf000003\/","title":{"rendered":"611SLF000003"},"content":{"rendered":"<p>611SLF000003<\/p>\n<p>DAFHINA KOLSUZ SANDALYE 55x49x78cm SF322<\/p>\n<p>TEAK A\u011eACI , \u0130NEK DER\u0130S\u0130<\/p>\n<p>Ah\u015fap y\u00fczey kuru bir bez yard\u0131m\u0131yla temizlenmelidir.<br \/>\nDeri \u00fczerinde biriken tozlar kuru bir pamuk yard\u0131m\u0131yla temizlenmelidir.<br \/>\nDerinin \u00fczerine her hangi bir s\u0131v\u0131 d\u00f6k\u00fcld\u00fc\u011f\u00fc takdirde derhal kuru bir bez yard\u0131m\u0131yla temizlenmelidir.<br \/>\n\u00dcr\u00fcnleri direkt g\u00fcne\u015f \u0131\u015f\u0131\u011f\u0131na maruz veya g\u00fcne\u015f \u0131\u015f\u0131\u011f\u0131n\u0131n yo\u011fun oldu\u011fu ve s\u0131cakl\u0131\u011f\u0131n y\u00fcksek oldu\u011fu cam\u0131n yan\u0131na b\u0131rakmay\u0131n\u0131z. Aksi takdirde deride kurumalar ve renkte solmalar meydana gelebilmektedir.<\/p>\n","protected":false},"excerpt":{"rendered":"<p>611SLF000003 DAFHINA KOLSUZ SANDALYE 55x49x78cm SF322 TEAK A\u011eACI , \u0130NEK DER\u0130S\u0130 Ah\u015fap y\u00fczey kuru bir bez yard\u0131m\u0131yla temizlenmelidir. Deri \u00fczerinde biriken tozlar kuru bir pamuk yard\u0131m\u0131yla temizlenmelidir. Derinin \u00fczerine her hangi bir s\u0131v\u0131 d\u00f6k\u00fcld\u00fc\u011f\u00fc takdirde derhal kuru bir bez yard\u0131m\u0131yla temizlenmelidir. \u00dcr\u00fcnleri direkt g\u00fcne\u015f \u0131\u015f\u0131\u011f\u0131na maruz veya g\u00fcne\u015f \u0131\u015f\u0131\u011f\u0131n\u0131n yo\u011fun oldu\u011fu ve s\u0131cakl\u0131\u011f\u0131n y\u00fcksek oldu\u011fu [&hellip;]<\/p>\n","protected":false},"featured_media":5128,"template":"","meta":[],"product_brand":[],"product_cat":[1213],"product_tag":[1216],"class_list":{"0":"post-5127","1":"product","2":"type-product","3":"status-publish","4":"has-post-thumbnail","6":"product_cat-611slf","7":"product_tag-611slf000003","9":"first","10":"instock","11":"taxable","12":"shipping-taxable","13":"product-type-simple"},"_links":{"self":[{"href":"https:\/\/kervanmagazacilik.com\/index.php\/wp-json\/wp\/v2\/product\/5127","targetHints":{"allow":["GET"]}}],"collection":[{"href":"https:\/\/kervanmagazacilik.com\/index.php\/wp-json\/wp\/v2\/product"}],"about":[{"href":"https:\/\/kervanmagazacilik.com\/index.php\/wp-json\/wp\/v2\/types\/product"}],"wp:featuredmedia":[{"embeddable":true,"href":"https:\/\/kervanmagazacilik.com\/index.php\/wp-json\/wp\/v2\/media\/5128"}],"wp:attachment":[{"href":"https:\/\/kervanmagazacilik.com\/index.php\/wp-json\/wp\/v2\/media?parent=5127"}],"wp:term":[{"taxonomy":"product_brand","embeddable":true,"href":"https:\/\/kervanmagazacilik.com\/index.php\/wp-json\/wp\/v2\/product_brand?post=5127"},{"taxonomy":"product_cat","embeddable":true,"href":"https:\/\/kervanmagazacilik.com\/index.php\/wp-json\/wp\/v2\/product_cat?post=5127"},{"taxonomy":"product_tag","embeddable":true,"href":"https:\/\/kervanmagazacilik.com\/index.php\/wp-json\/wp\/v2\/product_tag?post=5127"}],"curies":[{"name":"wp","href":"https:\/\/api.w.org\/{rel}","templated":true}]}}