{"id":4620,"date":"2024-09-21T08:55:44","date_gmt":"2024-09-21T05:55:44","guid":{"rendered":"https:\/\/kervanmagazacilik.com\/?post_type=product&#038;p=4620"},"modified":"2024-09-21T08:55:44","modified_gmt":"2024-09-21T05:55:44","slug":"611lax000011","status":"publish","type":"product","link":"https:\/\/kervanmagazacilik.com\/index.php\/urun\/611lax000011\/","title":{"rendered":"611LAX000011"},"content":{"rendered":"<p>611LAX000011<\/p>\n<p>BONE YEMEK MASASI 100x220x76cm 10953<\/p>\n<p>Mango \/ MDF \/ Kemik Ta\u015f\u0131<\/p>\n<p>Mobilyadaki toz ve kiri nemli bir mikrofiber bezle silerek ve ard\u0131ndan kuru bir bez yard\u0131m\u0131yla kurulayarak temizleyebilirsiniz.<\/p>\n","protected":false},"excerpt":{"rendered":"<p>611LAX000011 BONE YEMEK MASASI 100x220x76cm 10953 Mango \/ MDF \/ Kemik Ta\u015f\u0131 Mobilyadaki toz ve kiri nemli bir mikrofiber bezle silerek ve ard\u0131ndan kuru bir bez yard\u0131m\u0131yla kurulayarak temizleyebilirsiniz.<\/p>\n","protected":false},"featured_media":0,"template":"","meta":[],"product_brand":[],"product_cat":[133],"product_tag":[1113],"class_list":{"0":"post-4620","1":"product","2":"type-product","3":"status-publish","5":"product_cat-611lax","6":"product_tag-611lax000011","8":"first","9":"instock","10":"taxable","11":"shipping-taxable","12":"product-type-simple"},"_links":{"self":[{"href":"https:\/\/kervanmagazacilik.com\/index.php\/wp-json\/wp\/v2\/product\/4620","targetHints":{"allow":["GET"]}}],"collection":[{"href":"https:\/\/kervanmagazacilik.com\/index.php\/wp-json\/wp\/v2\/product"}],"about":[{"href":"https:\/\/kervanmagazacilik.com\/index.php\/wp-json\/wp\/v2\/types\/product"}],"wp:attachment":[{"href":"https:\/\/kervanmagazacilik.com\/index.php\/wp-json\/wp\/v2\/media?parent=4620"}],"wp:term":[{"taxonomy":"product_brand","embeddable":true,"href":"https:\/\/kervanmagazacilik.com\/index.php\/wp-json\/wp\/v2\/product_brand?post=4620"},{"taxonomy":"product_cat","embeddable":true,"href":"https:\/\/kervanmagazacilik.com\/index.php\/wp-json\/wp\/v2\/product_cat?post=4620"},{"taxonomy":"product_tag","embeddable":true,"href":"https:\/\/kervanmagazacilik.com\/index.php\/wp-json\/wp\/v2\/product_tag?post=4620"}],"curies":[{"name":"wp","href":"https:\/\/api.w.org\/{rel}","templated":true}]}}