{"id":4007,"date":"2024-09-20T14:53:09","date_gmt":"2024-09-20T11:53:09","guid":{"rendered":"https:\/\/kervanmagazacilik.com\/?post_type=product&#038;p=4007"},"modified":"2024-09-20T14:53:09","modified_gmt":"2024-09-20T11:53:09","slug":"611aka000156","status":"publish","type":"product","link":"https:\/\/kervanmagazacilik.com\/index.php\/urun\/611aka000156\/","title":{"rendered":"611AKA000156"},"content":{"rendered":"<p>611AKA000156<\/p>\n<p>NEW HEX TV \u00dcN\u0130TES\u0130 170x40x55cm<\/p>\n","protected":false},"excerpt":{"rendered":"<p>611AKA000156 NEW HEX TV \u00dcN\u0130TES\u0130 170x40x55cm<\/p>\n","protected":false},"featured_media":4008,"template":"","meta":[],"product_brand":[],"product_cat":[150],"product_tag":[972],"class_list":{"0":"post-4007","1":"product","2":"type-product","3":"status-publish","4":"has-post-thumbnail","6":"product_cat-611aka","7":"product_tag-611aka000156","9":"first","10":"instock","11":"taxable","12":"shipping-taxable","13":"product-type-simple"},"_links":{"self":[{"href":"https:\/\/kervanmagazacilik.com\/index.php\/wp-json\/wp\/v2\/product\/4007","targetHints":{"allow":["GET"]}}],"collection":[{"href":"https:\/\/kervanmagazacilik.com\/index.php\/wp-json\/wp\/v2\/product"}],"about":[{"href":"https:\/\/kervanmagazacilik.com\/index.php\/wp-json\/wp\/v2\/types\/product"}],"wp:featuredmedia":[{"embeddable":true,"href":"https:\/\/kervanmagazacilik.com\/index.php\/wp-json\/wp\/v2\/media\/4008"}],"wp:attachment":[{"href":"https:\/\/kervanmagazacilik.com\/index.php\/wp-json\/wp\/v2\/media?parent=4007"}],"wp:term":[{"taxonomy":"product_brand","embeddable":true,"href":"https:\/\/kervanmagazacilik.com\/index.php\/wp-json\/wp\/v2\/product_brand?post=4007"},{"taxonomy":"product_cat","embeddable":true,"href":"https:\/\/kervanmagazacilik.com\/index.php\/wp-json\/wp\/v2\/product_cat?post=4007"},{"taxonomy":"product_tag","embeddable":true,"href":"https:\/\/kervanmagazacilik.com\/index.php\/wp-json\/wp\/v2\/product_tag?post=4007"}],"curies":[{"name":"wp","href":"https:\/\/api.w.org\/{rel}","templated":true}]}}