{"id":37513,"date":"2026-05-12T11:25:53","date_gmt":"2026-05-12T08:25:53","guid":{"rendered":"https:\/\/kervanmagazacilik.com\/?post_type=product&#038;p=37513"},"modified":"2026-05-12T11:25:54","modified_gmt":"2026-05-12T08:25:54","slug":"759dcr000184","status":"publish","type":"product","link":"https:\/\/kervanmagazacilik.com\/index.php\/urun\/759dcr000184\/","title":{"rendered":"759DCR000184"},"content":{"rendered":"<p><strong>759DCR000184<\/strong><\/p>\n<p>FIRE KOKU \u015e\u0130\u015eES\u0130 750 ML (10.5&#215;19.5CM) MOR<\/p>\n<p>KOKU \u015e\u0130\u015eES\u0130 CAMDIR. \u00dcR\u00dcN \u0130\u00c7\u0130NDE 5 ADET S\u0130YAH KOKU \u00c7UBU\u011eU BULUNMAKTADIR. CAMIN \u00dcST KISMINDA ALTIN RENKTE METAL HALKA BULUNMAKTADIR. \u015e\u0130\u015eEN\u0130N \u0130\u00c7ER\u0130S\u0130NE ESANS KOKU DOLDURULMALIDIR. DOLDURDUKTAN B\u0130R S\u00dcRE SONRA, KOKU YAYMAYA YARDIMCI \u00c7UBUKLAR ESANSI HIZLI OLARAK EMECEKT\u0130R. 1-2 G\u00dcNDE \u0130\u00c7\u0130NDE \u00c7UBUKLAR TERS \u00c7EVR\u0130LEREK, KOKUNUN DAHA ETK\u0130N YAYILMASI SA\u011eLANIR. KOKU \u00c7UBUKLARININ SAYISINI \u0130STED\u0130\u011e\u0130N\u0130Z ORANDA YAYILMASINA G\u00d6RE AZALTAB\u0130L\u0130RS\u0130N\u0130Z. ESANSINIZ B\u0130TT\u0130\u011e\u0130 ZAMAN KERVAN YEDEK KOKULARINDAN ALARAK KULLANIMA DEVAM EDEB\u0130L\u0130RS\u0130N\u0130Z. YEN\u0130 B\u0130R ESANS KOKU EKLED\u0130\u011e\u0130N\u0130ZDE KOKU \u00c7UBUKLARINI YEN\u0130LEMEN\u0130Z\u0130 \u00d6NER\u0130R\u0130Z. \u00c7OK \u015eIK TASARIMI \u0130LE DEKORASYONUNUZDA VAZGE\u00c7\u0130LMEZ OLACAK. \u00c7UBUKLAR KONULMU\u015e HALDEK\u0130 Y\u00dcKSEKL\u0130K; 28 CM&#8217;D\u0130R<\/p>\n","protected":false},"excerpt":{"rendered":"<p>759DCR000184 FIRE KOKU \u015e\u0130\u015eES\u0130 750 ML (10.5&#215;19.5CM) MOR KOKU \u015e\u0130\u015eES\u0130 CAMDIR. \u00dcR\u00dcN \u0130\u00c7\u0130NDE 5 ADET S\u0130YAH KOKU \u00c7UBU\u011eU BULUNMAKTADIR. CAMIN \u00dcST KISMINDA ALTIN RENKTE METAL HALKA BULUNMAKTADIR. \u015e\u0130\u015eEN\u0130N \u0130\u00c7ER\u0130S\u0130NE ESANS KOKU DOLDURULMALIDIR. DOLDURDUKTAN B\u0130R S\u00dcRE SONRA, KOKU YAYMAYA YARDIMCI \u00c7UBUKLAR ESANSI HIZLI OLARAK EMECEKT\u0130R. 1-2 G\u00dcNDE \u0130\u00c7\u0130NDE \u00c7UBUKLAR TERS \u00c7EVR\u0130LEREK, KOKUNUN DAHA ETK\u0130N YAYILMASI SA\u011eLANIR. [&hellip;]<\/p>\n","protected":false},"featured_media":37514,"template":"","meta":[],"product_brand":[],"product_cat":[214],"product_tag":[8335],"class_list":{"0":"post-37513","1":"product","2":"type-product","3":"status-publish","4":"has-post-thumbnail","6":"product_cat-759dcr","7":"product_tag-759dcr000184","9":"first","10":"instock","11":"taxable","12":"shipping-taxable","13":"product-type-simple"},"_links":{"self":[{"href":"https:\/\/kervanmagazacilik.com\/index.php\/wp-json\/wp\/v2\/product\/37513","targetHints":{"allow":["GET"]}}],"collection":[{"href":"https:\/\/kervanmagazacilik.com\/index.php\/wp-json\/wp\/v2\/product"}],"about":[{"href":"https:\/\/kervanmagazacilik.com\/index.php\/wp-json\/wp\/v2\/types\/product"}],"wp:featuredmedia":[{"embeddable":true,"href":"https:\/\/kervanmagazacilik.com\/index.php\/wp-json\/wp\/v2\/media\/37514"}],"wp:attachment":[{"href":"https:\/\/kervanmagazacilik.com\/index.php\/wp-json\/wp\/v2\/media?parent=37513"}],"wp:term":[{"taxonomy":"product_brand","embeddable":true,"href":"https:\/\/kervanmagazacilik.com\/index.php\/wp-json\/wp\/v2\/product_brand?post=37513"},{"taxonomy":"product_cat","embeddable":true,"href":"https:\/\/kervanmagazacilik.com\/index.php\/wp-json\/wp\/v2\/product_cat?post=37513"},{"taxonomy":"product_tag","embeddable":true,"href":"https:\/\/kervanmagazacilik.com\/index.php\/wp-json\/wp\/v2\/product_tag?post=37513"}],"curies":[{"name":"wp","href":"https:\/\/api.w.org\/{rel}","templated":true}]}}