{"id":37469,"date":"2026-05-08T16:49:17","date_gmt":"2026-05-08T13:49:17","guid":{"rendered":"https:\/\/kervanmagazacilik.com\/?post_type=product&#038;p=37469"},"modified":"2026-05-08T16:49:17","modified_gmt":"2026-05-08T13:49:17","slug":"611apn000008","status":"publish","type":"product","link":"https:\/\/kervanmagazacilik.com\/index.php\/urun\/611apn000008\/","title":{"rendered":"611APN000008"},"content":{"rendered":"<p><strong>611APN000008<\/strong><\/p>\n<p>YAN SEHPA &#8211; S\u0130YAH MERMER \u00dcSTL\u00dc &#8211; 40,50*40,50*58 CM 46314<\/p>\n","protected":false},"excerpt":{"rendered":"<p>611APN000008 YAN SEHPA &#8211; S\u0130YAH MERMER \u00dcSTL\u00dc &#8211; 40,50*40,50*58 CM 46314<\/p>\n","protected":false},"featured_media":37470,"template":"","meta":[],"product_brand":[],"product_cat":[8308],"product_tag":[8316],"class_list":{"0":"post-37469","1":"product","2":"type-product","3":"status-publish","4":"has-post-thumbnail","6":"product_cat-611apn","7":"product_tag-611apn000008","9":"first","10":"instock","11":"taxable","12":"shipping-taxable","13":"product-type-simple"},"_links":{"self":[{"href":"https:\/\/kervanmagazacilik.com\/index.php\/wp-json\/wp\/v2\/product\/37469","targetHints":{"allow":["GET"]}}],"collection":[{"href":"https:\/\/kervanmagazacilik.com\/index.php\/wp-json\/wp\/v2\/product"}],"about":[{"href":"https:\/\/kervanmagazacilik.com\/index.php\/wp-json\/wp\/v2\/types\/product"}],"wp:featuredmedia":[{"embeddable":true,"href":"https:\/\/kervanmagazacilik.com\/index.php\/wp-json\/wp\/v2\/media\/37470"}],"wp:attachment":[{"href":"https:\/\/kervanmagazacilik.com\/index.php\/wp-json\/wp\/v2\/media?parent=37469"}],"wp:term":[{"taxonomy":"product_brand","embeddable":true,"href":"https:\/\/kervanmagazacilik.com\/index.php\/wp-json\/wp\/v2\/product_brand?post=37469"},{"taxonomy":"product_cat","embeddable":true,"href":"https:\/\/kervanmagazacilik.com\/index.php\/wp-json\/wp\/v2\/product_cat?post=37469"},{"taxonomy":"product_tag","embeddable":true,"href":"https:\/\/kervanmagazacilik.com\/index.php\/wp-json\/wp\/v2\/product_tag?post=37469"}],"curies":[{"name":"wp","href":"https:\/\/api.w.org\/{rel}","templated":true}]}}