{"id":37449,"date":"2026-05-08T12:25:24","date_gmt":"2026-05-08T09:25:24","guid":{"rendered":"https:\/\/kervanmagazacilik.com\/?post_type=product&#038;p=37449"},"modified":"2026-05-08T12:25:24","modified_gmt":"2026-05-08T09:25:24","slug":"759npt000065","status":"publish","type":"product","link":"https:\/\/kervanmagazacilik.com\/index.php\/urun\/759npt000065\/","title":{"rendered":"759NPT000065"},"content":{"rendered":"<p><strong>759NPT000065<\/strong><\/p>\n<p>ROSSE KOKU \u015e\u0130\u015eES\u0130 500 CC EKRU\/ALTIN 14X25 CM<\/p>\n<p>\u0130\u00c7ER\u0130K; KOKU \u015e\u0130\u015eES\u0130 (500 CC) + 2 ADET \u00c7\u0130\u00c7EKL\u0130 KOKU TA\u015eI + 5 ADET KOKU \u00c7UBU\u011eU (25 CM). \u00c7\u0130\u00c7EKL\u0130 KOKU TA\u015eLARININ ALT KISIMLARI, PASLANMAZ METAL \u00c7UBUKTUR. BU PASLANMAZ METAL \u00c7UBUKLAR KOKUYU EMMEYECEKT\u0130R. 5 ADET KOKU \u00c7UBUKLARI KOKUYU EMEREK KOKU YAYACAKTIR. \u015e\u0130\u015eEN\u0130N \u0130\u00c7ER\u0130S\u0130NE ESANS KOKU DOLDURULMALIDIR. DOLDURDUKTAN B\u0130R S\u00dcRE SONRA, KOKU \u00c7UBUKLARI ESANSI HIZLI OLARAK EMECEKT\u0130R. DAHA SONRA ESANSI EMME S\u00dcRES\u0130 ZAMANLA AZALACAKTIR. ESANS AZALINCA YEDEK ESANSLARIMIZDAN SATIN ALAB\u0130L\u0130RS\u0130N\u0130Z. \u00c7OK \u015eIK TASARIMI \u0130LE DEKORASYONUNUZDA VAZGE\u00c7\u0130LMEZ OLACAK.<\/p>\n","protected":false},"excerpt":{"rendered":"<p>759NPT000065 ROSSE KOKU \u015e\u0130\u015eES\u0130 500 CC EKRU\/ALTIN 14X25 CM \u0130\u00c7ER\u0130K; KOKU \u015e\u0130\u015eES\u0130 (500 CC) + 2 ADET \u00c7\u0130\u00c7EKL\u0130 KOKU TA\u015eI + 5 ADET KOKU \u00c7UBU\u011eU (25 CM). \u00c7\u0130\u00c7EKL\u0130 KOKU TA\u015eLARININ ALT KISIMLARI, PASLANMAZ METAL \u00c7UBUKTUR. BU PASLANMAZ METAL \u00c7UBUKLAR KOKUYU EMMEYECEKT\u0130R. 5 ADET KOKU \u00c7UBUKLARI KOKUYU EMEREK KOKU YAYACAKTIR. \u015e\u0130\u015eEN\u0130N \u0130\u00c7ER\u0130S\u0130NE ESANS KOKU DOLDURULMALIDIR. DOLDURDUKTAN [&hellip;]<\/p>\n","protected":false},"featured_media":37450,"template":"","meta":[],"product_brand":[],"product_cat":[4407],"product_tag":[8307],"class_list":{"0":"post-37449","1":"product","2":"type-product","3":"status-publish","4":"has-post-thumbnail","6":"product_cat-759npt","7":"product_tag-759npt000065","9":"first","10":"instock","11":"taxable","12":"shipping-taxable","13":"product-type-simple"},"_links":{"self":[{"href":"https:\/\/kervanmagazacilik.com\/index.php\/wp-json\/wp\/v2\/product\/37449","targetHints":{"allow":["GET"]}}],"collection":[{"href":"https:\/\/kervanmagazacilik.com\/index.php\/wp-json\/wp\/v2\/product"}],"about":[{"href":"https:\/\/kervanmagazacilik.com\/index.php\/wp-json\/wp\/v2\/types\/product"}],"wp:featuredmedia":[{"embeddable":true,"href":"https:\/\/kervanmagazacilik.com\/index.php\/wp-json\/wp\/v2\/media\/37450"}],"wp:attachment":[{"href":"https:\/\/kervanmagazacilik.com\/index.php\/wp-json\/wp\/v2\/media?parent=37449"}],"wp:term":[{"taxonomy":"product_brand","embeddable":true,"href":"https:\/\/kervanmagazacilik.com\/index.php\/wp-json\/wp\/v2\/product_brand?post=37449"},{"taxonomy":"product_cat","embeddable":true,"href":"https:\/\/kervanmagazacilik.com\/index.php\/wp-json\/wp\/v2\/product_cat?post=37449"},{"taxonomy":"product_tag","embeddable":true,"href":"https:\/\/kervanmagazacilik.com\/index.php\/wp-json\/wp\/v2\/product_tag?post=37449"}],"curies":[{"name":"wp","href":"https:\/\/api.w.org\/{rel}","templated":true}]}}