{"id":37388,"date":"2026-05-05T14:27:29","date_gmt":"2026-05-05T11:27:29","guid":{"rendered":"https:\/\/kervanmagazacilik.com\/?post_type=product&#038;p=37388"},"modified":"2026-05-05T14:27:29","modified_gmt":"2026-05-05T11:27:29","slug":"611cos000011","status":"publish","type":"product","link":"https:\/\/kervanmagazacilik.com\/index.php\/urun\/611cos000011\/","title":{"rendered":"611COS000011"},"content":{"rendered":"<p>611COS000011<\/p>\n<p>CS26 SALIS K\u00d6\u015eE TAKIM + 2 SEHPA<\/p>\n<p>\u00c7elik iskelet, FA, yuvarlak ve yar\u0131m yuvarlak has\u0131r, tik a\u011fac\u0131, 280 g\/m\u00b2 geri d\u00f6n\u00fc\u015ft\u00fcr\u00fclm\u00fc\u015f kuma\u015f, D20 yast\u0131k<\/p>\n<p>Sa\u011f kanepe: 207 x 102 x 75 cm<br \/>\nK\u00f6\u015fe kanepe: 192 x 102 x 75 cm<br \/>\nSol kanepe &#8211; D\u00f6ner: 92 x 92 x 75 cm<br \/>\nB\u00fcy\u00fck Sehpa 80 x 43 cm<br \/>\nK\u00fc\u00e7\u00fck Sehpa 50 x 48 cm<\/p>\n","protected":false},"excerpt":{"rendered":"<p>611COS000011 CS26 SALIS K\u00d6\u015eE TAKIM + 2 SEHPA \u00c7elik iskelet, FA, yuvarlak ve yar\u0131m yuvarlak has\u0131r, tik a\u011fac\u0131, 280 g\/m\u00b2 geri d\u00f6n\u00fc\u015ft\u00fcr\u00fclm\u00fc\u015f kuma\u015f, D20 yast\u0131k Sa\u011f kanepe: 207 x 102 x 75 cm K\u00f6\u015fe kanepe: 192 x 102 x 75 cm Sol kanepe &#8211; D\u00f6ner: 92 x 92 x 75 cm B\u00fcy\u00fck Sehpa 80 x [&hellip;]<\/p>\n","protected":false},"featured_media":37391,"template":"","meta":[],"product_brand":[],"product_cat":[6242],"product_tag":[8287],"class_list":{"0":"post-37388","1":"product","2":"type-product","3":"status-publish","4":"has-post-thumbnail","6":"product_cat-611cos","7":"product_tag-611cos000011","9":"first","10":"instock","11":"taxable","12":"shipping-taxable","13":"product-type-simple"},"_links":{"self":[{"href":"https:\/\/kervanmagazacilik.com\/index.php\/wp-json\/wp\/v2\/product\/37388","targetHints":{"allow":["GET"]}}],"collection":[{"href":"https:\/\/kervanmagazacilik.com\/index.php\/wp-json\/wp\/v2\/product"}],"about":[{"href":"https:\/\/kervanmagazacilik.com\/index.php\/wp-json\/wp\/v2\/types\/product"}],"wp:featuredmedia":[{"embeddable":true,"href":"https:\/\/kervanmagazacilik.com\/index.php\/wp-json\/wp\/v2\/media\/37391"}],"wp:attachment":[{"href":"https:\/\/kervanmagazacilik.com\/index.php\/wp-json\/wp\/v2\/media?parent=37388"}],"wp:term":[{"taxonomy":"product_brand","embeddable":true,"href":"https:\/\/kervanmagazacilik.com\/index.php\/wp-json\/wp\/v2\/product_brand?post=37388"},{"taxonomy":"product_cat","embeddable":true,"href":"https:\/\/kervanmagazacilik.com\/index.php\/wp-json\/wp\/v2\/product_cat?post=37388"},{"taxonomy":"product_tag","embeddable":true,"href":"https:\/\/kervanmagazacilik.com\/index.php\/wp-json\/wp\/v2\/product_tag?post=37388"}],"curies":[{"name":"wp","href":"https:\/\/api.w.org\/{rel}","templated":true}]}}