{"id":37182,"date":"2026-04-22T17:33:18","date_gmt":"2026-04-22T14:33:18","guid":{"rendered":"https:\/\/kervanmagazacilik.com\/?post_type=product&#038;p=37182"},"modified":"2026-04-22T17:33:19","modified_gmt":"2026-04-22T14:33:19","slug":"673lia000062","status":"publish","type":"product","link":"https:\/\/kervanmagazacilik.com\/index.php\/urun\/673lia000062\/","title":{"rendered":"673LIA000062"},"content":{"rendered":"<p><strong>673LIA000062<\/strong><\/p>\n<p>\u00c7AY SET\u0130 6&#8217;LI RENKL\u0130 200cc ( 1584Y\/B\/R\/OR\/G\/W )<\/p>\n<p>Elde y\u0131kamaya uygundur.<\/p>\n","protected":false},"excerpt":{"rendered":"<p>673LIA000062 \u00c7AY SET\u0130 6&#8217;LI RENKL\u0130 200cc ( 1584Y\/B\/R\/OR\/G\/W ) Elde y\u0131kamaya uygundur.<\/p>\n","protected":false},"featured_media":37185,"template":"","meta":[],"product_brand":[],"product_cat":[172],"product_tag":[8210],"class_list":{"0":"post-37182","1":"product","2":"type-product","3":"status-publish","4":"has-post-thumbnail","6":"product_cat-673lia","7":"product_tag-673lia000062","9":"first","10":"instock","11":"taxable","12":"shipping-taxable","13":"product-type-simple"},"_links":{"self":[{"href":"https:\/\/kervanmagazacilik.com\/index.php\/wp-json\/wp\/v2\/product\/37182","targetHints":{"allow":["GET"]}}],"collection":[{"href":"https:\/\/kervanmagazacilik.com\/index.php\/wp-json\/wp\/v2\/product"}],"about":[{"href":"https:\/\/kervanmagazacilik.com\/index.php\/wp-json\/wp\/v2\/types\/product"}],"wp:featuredmedia":[{"embeddable":true,"href":"https:\/\/kervanmagazacilik.com\/index.php\/wp-json\/wp\/v2\/media\/37185"}],"wp:attachment":[{"href":"https:\/\/kervanmagazacilik.com\/index.php\/wp-json\/wp\/v2\/media?parent=37182"}],"wp:term":[{"taxonomy":"product_brand","embeddable":true,"href":"https:\/\/kervanmagazacilik.com\/index.php\/wp-json\/wp\/v2\/product_brand?post=37182"},{"taxonomy":"product_cat","embeddable":true,"href":"https:\/\/kervanmagazacilik.com\/index.php\/wp-json\/wp\/v2\/product_cat?post=37182"},{"taxonomy":"product_tag","embeddable":true,"href":"https:\/\/kervanmagazacilik.com\/index.php\/wp-json\/wp\/v2\/product_tag?post=37182"}],"curies":[{"name":"wp","href":"https:\/\/api.w.org\/{rel}","templated":true}]}}