{"id":37108,"date":"2026-04-21T10:41:59","date_gmt":"2026-04-21T07:41:59","guid":{"rendered":"https:\/\/kervanmagazacilik.com\/?post_type=product&#038;p=37108"},"modified":"2026-04-21T10:42:00","modified_gmt":"2026-04-21T07:42:00","slug":"611db0000037","status":"publish","type":"product","link":"https:\/\/kervanmagazacilik.com\/index.php\/urun\/611db0000037\/","title":{"rendered":"611DB0000037"},"content":{"rendered":"<p><strong>611DB0000037<\/strong><\/p>\n<p>BAR SANDALYES\u0130 KAHVE 46x46x73cm C0309C-01-1D V\u0130NTAGE C\u0130GAR 11<\/p>\n<p>\u0130nek Derisi &#8211; Paslanmaz \u00c7elik<\/p>\n","protected":false},"excerpt":{"rendered":"<p>611DB0000037 BAR SANDALYES\u0130 KAHVE 46x46x73cm C0309C-01-1D V\u0130NTAGE C\u0130GAR 11 \u0130nek Derisi &#8211; Paslanmaz \u00c7elik<\/p>\n","protected":false},"featured_media":37110,"template":"","meta":[],"product_brand":[],"product_cat":[144],"product_tag":[8181],"class_list":{"0":"post-37108","1":"product","2":"type-product","3":"status-publish","4":"has-post-thumbnail","6":"product_cat-611db","7":"product_tag-611db0000037","9":"first","10":"instock","11":"taxable","12":"shipping-taxable","13":"product-type-simple"},"_links":{"self":[{"href":"https:\/\/kervanmagazacilik.com\/index.php\/wp-json\/wp\/v2\/product\/37108","targetHints":{"allow":["GET"]}}],"collection":[{"href":"https:\/\/kervanmagazacilik.com\/index.php\/wp-json\/wp\/v2\/product"}],"about":[{"href":"https:\/\/kervanmagazacilik.com\/index.php\/wp-json\/wp\/v2\/types\/product"}],"wp:featuredmedia":[{"embeddable":true,"href":"https:\/\/kervanmagazacilik.com\/index.php\/wp-json\/wp\/v2\/media\/37110"}],"wp:attachment":[{"href":"https:\/\/kervanmagazacilik.com\/index.php\/wp-json\/wp\/v2\/media?parent=37108"}],"wp:term":[{"taxonomy":"product_brand","embeddable":true,"href":"https:\/\/kervanmagazacilik.com\/index.php\/wp-json\/wp\/v2\/product_brand?post=37108"},{"taxonomy":"product_cat","embeddable":true,"href":"https:\/\/kervanmagazacilik.com\/index.php\/wp-json\/wp\/v2\/product_cat?post=37108"},{"taxonomy":"product_tag","embeddable":true,"href":"https:\/\/kervanmagazacilik.com\/index.php\/wp-json\/wp\/v2\/product_tag?post=37108"}],"curies":[{"name":"wp","href":"https:\/\/api.w.org\/{rel}","templated":true}]}}