{"id":37093,"date":"2026-04-21T10:30:54","date_gmt":"2026-04-21T07:30:54","guid":{"rendered":"https:\/\/kervanmagazacilik.com\/?post_type=product&#038;p=37093"},"modified":"2026-04-21T10:30:57","modified_gmt":"2026-04-21T07:30:57","slug":"900arj000295","status":"publish","type":"product","link":"https:\/\/kervanmagazacilik.com\/index.php\/urun\/900arj000295\/","title":{"rendered":"900ARJ000295"},"content":{"rendered":"<p><strong>900ARJ000295<\/strong><\/p>\n<p>LAVES ARANJMAN 65X45 CM KREM-GOLD<\/p>\n<p>\u00d6l\u00e7\u00fcler +\/- 5 cm de\u011fi\u015fkenlik g\u00f6sterebilir. Hafif nemli bezle silinebilir.<\/p>\n","protected":false},"excerpt":{"rendered":"<p>900ARJ000295 LAVES ARANJMAN 65X45 CM KREM-GOLD \u00d6l\u00e7\u00fcler +\/- 5 cm de\u011fi\u015fkenlik g\u00f6sterebilir. Hafif nemli bezle silinebilir.<\/p>\n","protected":false},"featured_media":37095,"template":"","meta":[],"product_brand":[],"product_cat":[280],"product_tag":[8177],"class_list":{"0":"post-37093","1":"product","2":"type-product","3":"status-publish","4":"has-post-thumbnail","6":"product_cat-900arj","7":"product_tag-900arj000295","9":"first","10":"instock","11":"taxable","12":"shipping-taxable","13":"product-type-simple"},"_links":{"self":[{"href":"https:\/\/kervanmagazacilik.com\/index.php\/wp-json\/wp\/v2\/product\/37093","targetHints":{"allow":["GET"]}}],"collection":[{"href":"https:\/\/kervanmagazacilik.com\/index.php\/wp-json\/wp\/v2\/product"}],"about":[{"href":"https:\/\/kervanmagazacilik.com\/index.php\/wp-json\/wp\/v2\/types\/product"}],"wp:featuredmedia":[{"embeddable":true,"href":"https:\/\/kervanmagazacilik.com\/index.php\/wp-json\/wp\/v2\/media\/37095"}],"wp:attachment":[{"href":"https:\/\/kervanmagazacilik.com\/index.php\/wp-json\/wp\/v2\/media?parent=37093"}],"wp:term":[{"taxonomy":"product_brand","embeddable":true,"href":"https:\/\/kervanmagazacilik.com\/index.php\/wp-json\/wp\/v2\/product_brand?post=37093"},{"taxonomy":"product_cat","embeddable":true,"href":"https:\/\/kervanmagazacilik.com\/index.php\/wp-json\/wp\/v2\/product_cat?post=37093"},{"taxonomy":"product_tag","embeddable":true,"href":"https:\/\/kervanmagazacilik.com\/index.php\/wp-json\/wp\/v2\/product_tag?post=37093"}],"curies":[{"name":"wp","href":"https:\/\/api.w.org\/{rel}","templated":true}]}}