{"id":37017,"date":"2026-04-15T10:09:14","date_gmt":"2026-04-15T07:09:14","guid":{"rendered":"https:\/\/kervanmagazacilik.com\/?post_type=product&#038;p=37017"},"modified":"2026-04-15T10:09:14","modified_gmt":"2026-04-15T07:09:14","slug":"611r60002311","status":"publish","type":"product","link":"https:\/\/kervanmagazacilik.com\/index.php\/urun\/611r60002311\/","title":{"rendered":"611R60002311"},"content":{"rendered":"<p><strong>611R60002311<\/strong><\/p>\n<p>AYNA NATURAL 90x90cm TK-13349-TK-13221-MH-TK-167 TK-13114-TK-013349-TK-013289<\/p>\n<p>Geri Kazan\u0131lm\u0131\u015f Ah\u015fap Yumu\u015fak ve kuru bir bez yard\u0131m\u0131yla temizleyiniz.<\/p>\n","protected":false},"excerpt":{"rendered":"<p>611R60002311 AYNA NATURAL 90x90cm TK-13349-TK-13221-MH-TK-167 TK-13114-TK-013349-TK-013289 Geri Kazan\u0131lm\u0131\u015f Ah\u015fap Yumu\u015fak ve kuru bir bez yard\u0131m\u0131yla temizleyiniz.<\/p>\n","protected":false},"featured_media":37020,"template":"","meta":[],"product_brand":[],"product_cat":[5147],"product_tag":[8155],"class_list":{"0":"post-37017","1":"product","2":"type-product","3":"status-publish","4":"has-post-thumbnail","6":"product_cat-611r6","7":"product_tag-611r60002311","9":"first","10":"instock","11":"taxable","12":"shipping-taxable","13":"product-type-simple"},"_links":{"self":[{"href":"https:\/\/kervanmagazacilik.com\/index.php\/wp-json\/wp\/v2\/product\/37017","targetHints":{"allow":["GET"]}}],"collection":[{"href":"https:\/\/kervanmagazacilik.com\/index.php\/wp-json\/wp\/v2\/product"}],"about":[{"href":"https:\/\/kervanmagazacilik.com\/index.php\/wp-json\/wp\/v2\/types\/product"}],"wp:featuredmedia":[{"embeddable":true,"href":"https:\/\/kervanmagazacilik.com\/index.php\/wp-json\/wp\/v2\/media\/37020"}],"wp:attachment":[{"href":"https:\/\/kervanmagazacilik.com\/index.php\/wp-json\/wp\/v2\/media?parent=37017"}],"wp:term":[{"taxonomy":"product_brand","embeddable":true,"href":"https:\/\/kervanmagazacilik.com\/index.php\/wp-json\/wp\/v2\/product_brand?post=37017"},{"taxonomy":"product_cat","embeddable":true,"href":"https:\/\/kervanmagazacilik.com\/index.php\/wp-json\/wp\/v2\/product_cat?post=37017"},{"taxonomy":"product_tag","embeddable":true,"href":"https:\/\/kervanmagazacilik.com\/index.php\/wp-json\/wp\/v2\/product_tag?post=37017"}],"curies":[{"name":"wp","href":"https:\/\/api.w.org\/{rel}","templated":true}]}}