{"id":37002,"date":"2026-04-15T09:54:49","date_gmt":"2026-04-15T06:54:49","guid":{"rendered":"https:\/\/kervanmagazacilik.com\/?post_type=product&#038;p=37002"},"modified":"2026-04-15T09:54:50","modified_gmt":"2026-04-15T06:54:50","slug":"900arj000294-2","status":"publish","type":"product","link":"https:\/\/kervanmagazacilik.com\/index.php\/urun\/900arj000294-2\/","title":{"rendered":"900ARJ000294"},"content":{"rendered":"<p><strong>900ARJ000294<\/strong><\/p>\n<p>ANTON\u0130S-2 ARANJMAN 45X60 CM<\/p>\n<p>MALZEME: Plastik+Metal<\/p>\n<p>Saks\u0131 \u00f6l\u00e7\u00fcs\u00fc: 22x17x21.5cm<\/p>\n<p>\u00d6l\u00e7\u00fcler +\/- 5 cm de\u011fi\u015fkenlik g\u00f6sterebilir<\/p>\n<p>Hafif nemli bezle silinebilir<\/p>\n","protected":false},"excerpt":{"rendered":"<p>900ARJ000294 ANTON\u0130S-2 ARANJMAN 45X60 CM MALZEME: Plastik+Metal Saks\u0131 \u00f6l\u00e7\u00fcs\u00fc: 22x17x21.5cm \u00d6l\u00e7\u00fcler +\/- 5 cm de\u011fi\u015fkenlik g\u00f6sterebilir Hafif nemli bezle silinebilir<\/p>\n","protected":false},"featured_media":37003,"template":"","meta":[],"product_brand":[],"product_cat":[280],"product_tag":[8085],"class_list":{"0":"post-37002","1":"product","2":"type-product","3":"status-publish","4":"has-post-thumbnail","6":"product_cat-900arj","7":"product_tag-900arj000294","9":"first","10":"instock","11":"taxable","12":"shipping-taxable","13":"product-type-simple"},"_links":{"self":[{"href":"https:\/\/kervanmagazacilik.com\/index.php\/wp-json\/wp\/v2\/product\/37002","targetHints":{"allow":["GET"]}}],"collection":[{"href":"https:\/\/kervanmagazacilik.com\/index.php\/wp-json\/wp\/v2\/product"}],"about":[{"href":"https:\/\/kervanmagazacilik.com\/index.php\/wp-json\/wp\/v2\/types\/product"}],"wp:featuredmedia":[{"embeddable":true,"href":"https:\/\/kervanmagazacilik.com\/index.php\/wp-json\/wp\/v2\/media\/37003"}],"wp:attachment":[{"href":"https:\/\/kervanmagazacilik.com\/index.php\/wp-json\/wp\/v2\/media?parent=37002"}],"wp:term":[{"taxonomy":"product_brand","embeddable":true,"href":"https:\/\/kervanmagazacilik.com\/index.php\/wp-json\/wp\/v2\/product_brand?post=37002"},{"taxonomy":"product_cat","embeddable":true,"href":"https:\/\/kervanmagazacilik.com\/index.php\/wp-json\/wp\/v2\/product_cat?post=37002"},{"taxonomy":"product_tag","embeddable":true,"href":"https:\/\/kervanmagazacilik.com\/index.php\/wp-json\/wp\/v2\/product_tag?post=37002"}],"curies":[{"name":"wp","href":"https:\/\/api.w.org\/{rel}","templated":true}]}}