{"id":36927,"date":"2026-04-10T11:59:02","date_gmt":"2026-04-10T08:59:02","guid":{"rendered":"https:\/\/kervanmagazacilik.com\/?post_type=product&#038;p=36927"},"modified":"2026-04-10T11:59:02","modified_gmt":"2026-04-10T08:59:02","slug":"012099046101","status":"publish","type":"product","link":"https:\/\/kervanmagazacilik.com\/index.php\/urun\/012099046101\/","title":{"rendered":"012099046101"},"content":{"rendered":"<p><strong>012099046101<\/strong><\/p>\n<p>SERAY YATAK ORTUSU 270x270cm 4 PRC ECRU<\/p>\n<div>Kuma\u015f; %100 Polyester<\/div>\n<div>Aksesuar; %100 Polyester<\/div>\n<div>Sadece kuru temizleme yap\u0131lmal\u0131d\u0131r<\/div>\n<div><\/div>\n<div>ALT GRUP: YATAK ODASI TEKST\u0130L\u0130<\/div>\n<div><\/div>\n<div>\u00d6RT\u00dc: 270X270 CM<\/div>\n<div>YASTIK: 50X70 CM (2 ADET)<\/div>\n<div>S\u00dcS YASTIK 30X55<\/div>\n","protected":false},"excerpt":{"rendered":"<p>012099046101 SERAY YATAK ORTUSU 270x270cm 4 PRC ECRU Kuma\u015f; %100 Polyester Aksesuar; %100 Polyester Sadece kuru temizleme yap\u0131lmal\u0131d\u0131r ALT GRUP: YATAK ODASI TEKST\u0130L\u0130 \u00d6RT\u00dc: 270X270 CM YASTIK: 50X70 CM (2 ADET) S\u00dcS YASTIK 30X55<\/p>\n","protected":false},"featured_media":36929,"template":"","meta":[],"product_brand":[],"product_cat":[2474],"product_tag":[8119],"class_list":{"0":"post-36927","1":"product","2":"type-product","3":"status-publish","4":"has-post-thumbnail","6":"product_cat-2474","7":"product_tag-8119","9":"first","10":"instock","11":"taxable","12":"shipping-taxable","13":"product-type-simple"},"_links":{"self":[{"href":"https:\/\/kervanmagazacilik.com\/index.php\/wp-json\/wp\/v2\/product\/36927","targetHints":{"allow":["GET"]}}],"collection":[{"href":"https:\/\/kervanmagazacilik.com\/index.php\/wp-json\/wp\/v2\/product"}],"about":[{"href":"https:\/\/kervanmagazacilik.com\/index.php\/wp-json\/wp\/v2\/types\/product"}],"wp:featuredmedia":[{"embeddable":true,"href":"https:\/\/kervanmagazacilik.com\/index.php\/wp-json\/wp\/v2\/media\/36929"}],"wp:attachment":[{"href":"https:\/\/kervanmagazacilik.com\/index.php\/wp-json\/wp\/v2\/media?parent=36927"}],"wp:term":[{"taxonomy":"product_brand","embeddable":true,"href":"https:\/\/kervanmagazacilik.com\/index.php\/wp-json\/wp\/v2\/product_brand?post=36927"},{"taxonomy":"product_cat","embeddable":true,"href":"https:\/\/kervanmagazacilik.com\/index.php\/wp-json\/wp\/v2\/product_cat?post=36927"},{"taxonomy":"product_tag","embeddable":true,"href":"https:\/\/kervanmagazacilik.com\/index.php\/wp-json\/wp\/v2\/product_tag?post=36927"}],"curies":[{"name":"wp","href":"https:\/\/api.w.org\/{rel}","templated":true}]}}