{"id":35668,"date":"2026-02-17T13:56:27","date_gmt":"2026-02-17T10:56:27","guid":{"rendered":"https:\/\/kervanmagazacilik.com\/?post_type=product&#038;p=35668"},"modified":"2026-02-17T13:56:28","modified_gmt":"2026-02-17T10:56:28","slug":"012hsh002583","status":"publish","type":"product","link":"https:\/\/kervanmagazacilik.com\/index.php\/urun\/012hsh002583\/","title":{"rendered":"012HSH002583"},"content":{"rendered":"<p><strong>012HSH002583<\/strong><\/p>\n<p>ROSSETTA YATAK \u00d6RT\u00dcS\u00dc 270&#215;270 cm CK 4 PRC PUDRA<\/p>\n<p>Kuma\u015f; %100 Polyester<br \/>\nAksesuar; %100 Polyester<br \/>\nSadece kuru temizleme yap\u0131lmal\u0131d\u0131r<\/p>\n<p>ALT GRUP: YATAK ODASI TEKST\u0130L\u0130<\/p>\n<p>\u00d6RT\u00dc: 270X270 CM<br \/>\nYASTIK: 50X70 CM (2 ADET)<br \/>\nKIRLENT: 35X80 CM (1 ADET)<\/p>\n","protected":false},"excerpt":{"rendered":"<p>012HSH002583 ROSSETTA YATAK \u00d6RT\u00dcS\u00dc 270&#215;270 cm CK 4 PRC PUDRA Kuma\u015f; %100 Polyester Aksesuar; %100 Polyester Sadece kuru temizleme yap\u0131lmal\u0131d\u0131r ALT GRUP: YATAK ODASI TEKST\u0130L\u0130 \u00d6RT\u00dc: 270X270 CM YASTIK: 50X70 CM (2 ADET) KIRLENT: 35X80 CM (1 ADET)<\/p>\n","protected":false},"featured_media":35669,"template":"","meta":[],"product_brand":[],"product_cat":[2475],"product_tag":[7671],"class_list":{"0":"post-35668","1":"product","2":"type-product","3":"status-publish","4":"has-post-thumbnail","6":"product_cat-012hsh","7":"product_tag-012hsh002583","9":"first","10":"instock","11":"taxable","12":"shipping-taxable","13":"product-type-simple"},"_links":{"self":[{"href":"https:\/\/kervanmagazacilik.com\/index.php\/wp-json\/wp\/v2\/product\/35668","targetHints":{"allow":["GET"]}}],"collection":[{"href":"https:\/\/kervanmagazacilik.com\/index.php\/wp-json\/wp\/v2\/product"}],"about":[{"href":"https:\/\/kervanmagazacilik.com\/index.php\/wp-json\/wp\/v2\/types\/product"}],"wp:featuredmedia":[{"embeddable":true,"href":"https:\/\/kervanmagazacilik.com\/index.php\/wp-json\/wp\/v2\/media\/35669"}],"wp:attachment":[{"href":"https:\/\/kervanmagazacilik.com\/index.php\/wp-json\/wp\/v2\/media?parent=35668"}],"wp:term":[{"taxonomy":"product_brand","embeddable":true,"href":"https:\/\/kervanmagazacilik.com\/index.php\/wp-json\/wp\/v2\/product_brand?post=35668"},{"taxonomy":"product_cat","embeddable":true,"href":"https:\/\/kervanmagazacilik.com\/index.php\/wp-json\/wp\/v2\/product_cat?post=35668"},{"taxonomy":"product_tag","embeddable":true,"href":"https:\/\/kervanmagazacilik.com\/index.php\/wp-json\/wp\/v2\/product_tag?post=35668"}],"curies":[{"name":"wp","href":"https:\/\/api.w.org\/{rel}","templated":true}]}}