{"id":35650,"date":"2026-02-16T09:01:14","date_gmt":"2026-02-16T06:01:14","guid":{"rendered":"https:\/\/kervanmagazacilik.com\/?post_type=product&#038;p=35650"},"modified":"2026-02-16T09:01:14","modified_gmt":"2026-02-16T06:01:14","slug":"611vr0000045","status":"publish","type":"product","link":"https:\/\/kervanmagazacilik.com\/index.php\/urun\/611vr0000045\/","title":{"rendered":"611VR0000045"},"content":{"rendered":"<p><strong>611VR0000045<\/strong><\/p>\n<p>RELAX KOLTUK TEKLI 76x76x90cm<\/p>\n<p>TEKL\u0130 : 76x76x90cm<\/p>\n<p>TA\u015eIMA KAPAS\u0130TES\u0130:100 KG<\/p>\n<p>DAYANIKLILIK<br \/>\nKestane a\u011fac\u0131n\u0131n lifleri \u00e7ok s\u0131k oldu\u011fu i\u00e7in, \u00e7ivi \u00e7akt\u0131\u011f\u0131n\u0131zda \u00e7iviyi s\u00f6kmekte zorlan\u0131rs\u0131n\u0131z \u00e7\u00fcnk\u00fc lifler onu s\u0131k\u0131ca sarar, bu da kulland\u0131\u011f\u0131n\u0131z mobilyan\u0131n esnemesini engeller dolay\u0131s\u0131 ile uzun \u00f6m\u00fcrl\u00fc kullan\u0131m sa\u011flar.<\/p>\n<p>ESNEKL\u0130K<br \/>\nA\u011fa\u00e7 \u00e7ubu\u011fu kolay \u015fekil alabildi\u011fi i\u00e7in esnekli\u011fini al\u0131r ve kuru olmas\u0131ndan dolay\u0131 verdi\u011finiz \u015fekil kal\u0131c\u0131 olur.<\/p>\n<p>RENKLEND\u0130RME<br \/>\nP\u00fcr\u00fczs\u00fcz y\u00fczeyi boya tutabilir, dolay\u0131s\u0131 ile kendi mekan\u0131n\u0131z\u0131n rengine g\u00f6re renklendirebilirsiniz. Can\u0131n\u0131z s\u0131k\u0131ld\u0131 z\u0131mparalay\u0131n ve ba\u015fka renge boyay\u0131n.<\/p>\n<p>FERMUARLI OLAN OTURMA M\u0130NDERLER\u0130 \u00c7IKARTILIP MAK\u0130NADA D\u00dc\u015e\u00dcK ISIDA YIKANAB\u0130L\u0130R.<\/p>\n<p>SIRT M\u0130NDERLER\u0130 KOMPLE MAK\u0130NAYA ATILIP D\u00dc\u015e\u00dcK ISIDA YIKANAB\u0130L\u0130R.<\/p>\n","protected":false},"excerpt":{"rendered":"<p>611VR0000045 RELAX KOLTUK TEKLI 76x76x90cm TEKL\u0130 : 76x76x90cm TA\u015eIMA KAPAS\u0130TES\u0130:100 KG DAYANIKLILIK Kestane a\u011fac\u0131n\u0131n lifleri \u00e7ok s\u0131k oldu\u011fu i\u00e7in, \u00e7ivi \u00e7akt\u0131\u011f\u0131n\u0131zda \u00e7iviyi s\u00f6kmekte zorlan\u0131rs\u0131n\u0131z \u00e7\u00fcnk\u00fc lifler onu s\u0131k\u0131ca sarar, bu da kulland\u0131\u011f\u0131n\u0131z mobilyan\u0131n esnemesini engeller dolay\u0131s\u0131 ile uzun \u00f6m\u00fcrl\u00fc kullan\u0131m sa\u011flar. ESNEKL\u0130K A\u011fa\u00e7 \u00e7ubu\u011fu kolay \u015fekil alabildi\u011fi i\u00e7in esnekli\u011fini al\u0131r ve kuru olmas\u0131ndan dolay\u0131 verdi\u011finiz [&hellip;]<\/p>\n","protected":false},"featured_media":35651,"template":"","meta":[],"product_brand":[],"product_cat":[54],"product_tag":[7668],"class_list":{"0":"post-35650","1":"product","2":"type-product","3":"status-publish","4":"has-post-thumbnail","6":"product_cat-611vr","7":"product_tag-611vr0000045","9":"first","10":"instock","11":"taxable","12":"shipping-taxable","13":"product-type-simple"},"_links":{"self":[{"href":"https:\/\/kervanmagazacilik.com\/index.php\/wp-json\/wp\/v2\/product\/35650","targetHints":{"allow":["GET"]}}],"collection":[{"href":"https:\/\/kervanmagazacilik.com\/index.php\/wp-json\/wp\/v2\/product"}],"about":[{"href":"https:\/\/kervanmagazacilik.com\/index.php\/wp-json\/wp\/v2\/types\/product"}],"wp:featuredmedia":[{"embeddable":true,"href":"https:\/\/kervanmagazacilik.com\/index.php\/wp-json\/wp\/v2\/media\/35651"}],"wp:attachment":[{"href":"https:\/\/kervanmagazacilik.com\/index.php\/wp-json\/wp\/v2\/media?parent=35650"}],"wp:term":[{"taxonomy":"product_brand","embeddable":true,"href":"https:\/\/kervanmagazacilik.com\/index.php\/wp-json\/wp\/v2\/product_brand?post=35650"},{"taxonomy":"product_cat","embeddable":true,"href":"https:\/\/kervanmagazacilik.com\/index.php\/wp-json\/wp\/v2\/product_cat?post=35650"},{"taxonomy":"product_tag","embeddable":true,"href":"https:\/\/kervanmagazacilik.com\/index.php\/wp-json\/wp\/v2\/product_tag?post=35650"}],"curies":[{"name":"wp","href":"https:\/\/api.w.org\/{rel}","templated":true}]}}