{"id":35593,"date":"2026-02-11T08:17:34","date_gmt":"2026-02-11T05:17:34","guid":{"rendered":"https:\/\/kervanmagazacilik.com\/?post_type=product&#038;p=35593"},"modified":"2026-02-11T08:17:35","modified_gmt":"2026-02-11T05:17:35","slug":"611ac0000632","status":"publish","type":"product","link":"https:\/\/kervanmagazacilik.com\/index.php\/urun\/611ac0000632\/","title":{"rendered":"611AC0000632"},"content":{"rendered":"<p>611AC0000632<\/p>\n<p>CAMELL\u0130A K\u0130NG YATAK+2 KOMOD\u0130N KAHVE xxcm 9090014-400<\/p>\n<p>\u015e\u00d6N\u0130L KUMA\u015e<\/p>\n","protected":false},"excerpt":{"rendered":"<p>611AC0000632 CAMELL\u0130A K\u0130NG YATAK+2 KOMOD\u0130N KAHVE xxcm 9090014-400 \u015e\u00d6N\u0130L KUMA\u015e<\/p>\n","protected":false},"featured_media":35594,"template":"","meta":[],"product_brand":[],"product_cat":[42],"product_tag":[7649],"class_list":{"0":"post-35593","1":"product","2":"type-product","3":"status-publish","4":"has-post-thumbnail","6":"product_cat-611ac","7":"product_tag-611ac0000632","9":"first","10":"instock","11":"taxable","12":"shipping-taxable","13":"product-type-simple"},"_links":{"self":[{"href":"https:\/\/kervanmagazacilik.com\/index.php\/wp-json\/wp\/v2\/product\/35593","targetHints":{"allow":["GET"]}}],"collection":[{"href":"https:\/\/kervanmagazacilik.com\/index.php\/wp-json\/wp\/v2\/product"}],"about":[{"href":"https:\/\/kervanmagazacilik.com\/index.php\/wp-json\/wp\/v2\/types\/product"}],"wp:featuredmedia":[{"embeddable":true,"href":"https:\/\/kervanmagazacilik.com\/index.php\/wp-json\/wp\/v2\/media\/35594"}],"wp:attachment":[{"href":"https:\/\/kervanmagazacilik.com\/index.php\/wp-json\/wp\/v2\/media?parent=35593"}],"wp:term":[{"taxonomy":"product_brand","embeddable":true,"href":"https:\/\/kervanmagazacilik.com\/index.php\/wp-json\/wp\/v2\/product_brand?post=35593"},{"taxonomy":"product_cat","embeddable":true,"href":"https:\/\/kervanmagazacilik.com\/index.php\/wp-json\/wp\/v2\/product_cat?post=35593"},{"taxonomy":"product_tag","embeddable":true,"href":"https:\/\/kervanmagazacilik.com\/index.php\/wp-json\/wp\/v2\/product_tag?post=35593"}],"curies":[{"name":"wp","href":"https:\/\/api.w.org\/{rel}","templated":true}]}}