{"id":35588,"date":"2026-02-11T08:11:46","date_gmt":"2026-02-11T05:11:46","guid":{"rendered":"https:\/\/kervanmagazacilik.com\/?post_type=product&#038;p=35588"},"modified":"2026-02-11T08:11:46","modified_gmt":"2026-02-11T05:11:46","slug":"611ac0000628","status":"publish","type":"product","link":"https:\/\/kervanmagazacilik.com\/index.php\/urun\/611ac0000628\/","title":{"rendered":"611AC0000628"},"content":{"rendered":"<p>611AC0000628<\/p>\n<p>CAMELL\u0130A MARK\u0130Z KAHVE 51x142x48cm 9090904-400<\/p>\n<p>\u015e\u00d6N\u0130L KUMA\u015e<\/p>\n","protected":false},"excerpt":{"rendered":"<p>611AC0000628 CAMELL\u0130A MARK\u0130Z KAHVE 51x142x48cm 9090904-400 \u015e\u00d6N\u0130L KUMA\u015e<\/p>\n","protected":false},"featured_media":35589,"template":"","meta":[],"product_brand":[],"product_cat":[42],"product_tag":[7647],"class_list":{"0":"post-35588","1":"product","2":"type-product","3":"status-publish","4":"has-post-thumbnail","6":"product_cat-611ac","7":"product_tag-611ac0000628","9":"first","10":"instock","11":"taxable","12":"shipping-taxable","13":"product-type-simple"},"_links":{"self":[{"href":"https:\/\/kervanmagazacilik.com\/index.php\/wp-json\/wp\/v2\/product\/35588","targetHints":{"allow":["GET"]}}],"collection":[{"href":"https:\/\/kervanmagazacilik.com\/index.php\/wp-json\/wp\/v2\/product"}],"about":[{"href":"https:\/\/kervanmagazacilik.com\/index.php\/wp-json\/wp\/v2\/types\/product"}],"wp:featuredmedia":[{"embeddable":true,"href":"https:\/\/kervanmagazacilik.com\/index.php\/wp-json\/wp\/v2\/media\/35589"}],"wp:attachment":[{"href":"https:\/\/kervanmagazacilik.com\/index.php\/wp-json\/wp\/v2\/media?parent=35588"}],"wp:term":[{"taxonomy":"product_brand","embeddable":true,"href":"https:\/\/kervanmagazacilik.com\/index.php\/wp-json\/wp\/v2\/product_brand?post=35588"},{"taxonomy":"product_cat","embeddable":true,"href":"https:\/\/kervanmagazacilik.com\/index.php\/wp-json\/wp\/v2\/product_cat?post=35588"},{"taxonomy":"product_tag","embeddable":true,"href":"https:\/\/kervanmagazacilik.com\/index.php\/wp-json\/wp\/v2\/product_tag?post=35588"}],"curies":[{"name":"wp","href":"https:\/\/api.w.org\/{rel}","templated":true}]}}