{"id":35184,"date":"2026-02-05T14:59:57","date_gmt":"2026-02-05T11:59:57","guid":{"rendered":"https:\/\/kervanmagazacilik.com\/?post_type=product&#038;p=35184"},"modified":"2026-02-05T14:59:58","modified_gmt":"2026-02-05T11:59:58","slug":"611cos000008","status":"publish","type":"product","link":"https:\/\/kervanmagazacilik.com\/index.php\/urun\/611cos000008\/","title":{"rendered":"611COS000008"},"content":{"rendered":"<p>611COS000008<\/p>\n<p>CS044 MILES KOLTUK TK. 2+1+1+1 SEHPA<\/p>\n<p>\u00c7elik \u00e7er\u00e7eve,Yuvarlak ve D\u00fcz Has\u0131r,Olefin Kuma\u015f<\/p>\n<p>\u0130K\u0130L\u0130 KOLTUK: 83x152x87cm<\/p>\n<p>TEKL\u0130 KOLTUK : 83x73x87cm<\/p>\n<p>SEHPA : 73x118x39cm<\/p>\n","protected":false},"excerpt":{"rendered":"<p>611COS000008 CS044 MILES KOLTUK TK. 2+1+1+1 SEHPA \u00c7elik \u00e7er\u00e7eve,Yuvarlak ve D\u00fcz Has\u0131r,Olefin Kuma\u015f \u0130K\u0130L\u0130 KOLTUK: 83x152x87cm TEKL\u0130 KOLTUK : 83x73x87cm SEHPA : 73x118x39cm<\/p>\n","protected":false},"featured_media":35185,"template":"","meta":[],"product_brand":[],"product_cat":[6242],"product_tag":[7557],"class_list":{"0":"post-35184","1":"product","2":"type-product","3":"status-publish","4":"has-post-thumbnail","6":"product_cat-611cos","7":"product_tag-611cos000008","9":"first","10":"instock","11":"taxable","12":"shipping-taxable","13":"product-type-simple"},"_links":{"self":[{"href":"https:\/\/kervanmagazacilik.com\/index.php\/wp-json\/wp\/v2\/product\/35184","targetHints":{"allow":["GET"]}}],"collection":[{"href":"https:\/\/kervanmagazacilik.com\/index.php\/wp-json\/wp\/v2\/product"}],"about":[{"href":"https:\/\/kervanmagazacilik.com\/index.php\/wp-json\/wp\/v2\/types\/product"}],"wp:featuredmedia":[{"embeddable":true,"href":"https:\/\/kervanmagazacilik.com\/index.php\/wp-json\/wp\/v2\/media\/35185"}],"wp:attachment":[{"href":"https:\/\/kervanmagazacilik.com\/index.php\/wp-json\/wp\/v2\/media?parent=35184"}],"wp:term":[{"taxonomy":"product_brand","embeddable":true,"href":"https:\/\/kervanmagazacilik.com\/index.php\/wp-json\/wp\/v2\/product_brand?post=35184"},{"taxonomy":"product_cat","embeddable":true,"href":"https:\/\/kervanmagazacilik.com\/index.php\/wp-json\/wp\/v2\/product_cat?post=35184"},{"taxonomy":"product_tag","embeddable":true,"href":"https:\/\/kervanmagazacilik.com\/index.php\/wp-json\/wp\/v2\/product_tag?post=35184"}],"curies":[{"name":"wp","href":"https:\/\/api.w.org\/{rel}","templated":true}]}}