{"id":35160,"date":"2026-02-03T14:38:22","date_gmt":"2026-02-03T11:38:22","guid":{"rendered":"https:\/\/kervanmagazacilik.com\/?post_type=product&#038;p=35160"},"modified":"2026-02-03T14:38:22","modified_gmt":"2026-02-03T11:38:22","slug":"284chh000130","status":"publish","type":"product","link":"https:\/\/kervanmagazacilik.com\/index.php\/urun\/284chh000130\/","title":{"rendered":"284CHH000130"},"content":{"rendered":"<p>284CHH000130<\/p>\n<p>MORBIDO PASPAS 90*150 CM EKRU<\/p>\n<p>ELDE YIKAYINIZ. \u00c7AMA\u015eIR SUYU KULLANMAYINIZ.KURUTMA MAK\u0130NES\u0130NDE KURUTMAYIN. \u00dcT\u00dcLEMEY\u0130N. ASARAK KURUTUNUZ.<\/p>\n","protected":false},"excerpt":{"rendered":"<p>284CHH000130 MORBIDO PASPAS 90*150 CM EKRU ELDE YIKAYINIZ. \u00c7AMA\u015eIR SUYU KULLANMAYINIZ.KURUTMA MAK\u0130NES\u0130NDE KURUTMAYIN. \u00dcT\u00dcLEMEY\u0130N. ASARAK KURUTUNUZ.<\/p>\n","protected":false},"featured_media":35161,"template":"","meta":[],"product_brand":[],"product_cat":[2956],"product_tag":[7549],"class_list":{"0":"post-35160","1":"product","2":"type-product","3":"status-publish","4":"has-post-thumbnail","6":"product_cat-284chh","7":"product_tag-284chh000130","9":"first","10":"instock","11":"taxable","12":"shipping-taxable","13":"product-type-simple"},"_links":{"self":[{"href":"https:\/\/kervanmagazacilik.com\/index.php\/wp-json\/wp\/v2\/product\/35160","targetHints":{"allow":["GET"]}}],"collection":[{"href":"https:\/\/kervanmagazacilik.com\/index.php\/wp-json\/wp\/v2\/product"}],"about":[{"href":"https:\/\/kervanmagazacilik.com\/index.php\/wp-json\/wp\/v2\/types\/product"}],"wp:featuredmedia":[{"embeddable":true,"href":"https:\/\/kervanmagazacilik.com\/index.php\/wp-json\/wp\/v2\/media\/35161"}],"wp:attachment":[{"href":"https:\/\/kervanmagazacilik.com\/index.php\/wp-json\/wp\/v2\/media?parent=35160"}],"wp:term":[{"taxonomy":"product_brand","embeddable":true,"href":"https:\/\/kervanmagazacilik.com\/index.php\/wp-json\/wp\/v2\/product_brand?post=35160"},{"taxonomy":"product_cat","embeddable":true,"href":"https:\/\/kervanmagazacilik.com\/index.php\/wp-json\/wp\/v2\/product_cat?post=35160"},{"taxonomy":"product_tag","embeddable":true,"href":"https:\/\/kervanmagazacilik.com\/index.php\/wp-json\/wp\/v2\/product_tag?post=35160"}],"curies":[{"name":"wp","href":"https:\/\/api.w.org\/{rel}","templated":true}]}}