{"id":33677,"date":"2025-12-18T14:08:42","date_gmt":"2025-12-18T11:08:42","guid":{"rendered":"https:\/\/kervanmagazacilik.com\/?post_type=product&#038;p=33677"},"modified":"2025-12-18T14:08:43","modified_gmt":"2025-12-18T11:08:43","slug":"759jp0000017","status":"publish","type":"product","link":"https:\/\/kervanmagazacilik.com\/index.php\/urun\/759jp0000017\/","title":{"rendered":"759JP0000017"},"content":{"rendered":"<p>759JP0000017<\/p>\n<p>DEKORAT\u0130F OBJE YE\u015e\u0130L D9 * H23,5 CM ( JP25C165-2 )<\/p>\n<p>ANA MALZEME CAM<\/p>\n<p>\u00dcR\u00dcN LED I\u015eIKLIDIR.<\/p>\n","protected":false},"excerpt":{"rendered":"<p>759JP0000017 DEKORAT\u0130F OBJE YE\u015e\u0130L D9 * H23,5 CM ( JP25C165-2 ) ANA MALZEME CAM \u00dcR\u00dcN LED I\u015eIKLIDIR.<\/p>\n","protected":false},"featured_media":33678,"template":"","meta":[],"product_brand":[],"product_cat":[2924,7230],"product_tag":[7276],"class_list":{"0":"post-33677","1":"product","2":"type-product","3":"status-publish","4":"has-post-thumbnail","6":"product_cat-241ykt","7":"product_cat-759jp","8":"product_tag-759jp0000017","10":"first","11":"instock","12":"taxable","13":"shipping-taxable","14":"product-type-simple"},"_links":{"self":[{"href":"https:\/\/kervanmagazacilik.com\/index.php\/wp-json\/wp\/v2\/product\/33677","targetHints":{"allow":["GET"]}}],"collection":[{"href":"https:\/\/kervanmagazacilik.com\/index.php\/wp-json\/wp\/v2\/product"}],"about":[{"href":"https:\/\/kervanmagazacilik.com\/index.php\/wp-json\/wp\/v2\/types\/product"}],"wp:featuredmedia":[{"embeddable":true,"href":"https:\/\/kervanmagazacilik.com\/index.php\/wp-json\/wp\/v2\/media\/33678"}],"wp:attachment":[{"href":"https:\/\/kervanmagazacilik.com\/index.php\/wp-json\/wp\/v2\/media?parent=33677"}],"wp:term":[{"taxonomy":"product_brand","embeddable":true,"href":"https:\/\/kervanmagazacilik.com\/index.php\/wp-json\/wp\/v2\/product_brand?post=33677"},{"taxonomy":"product_cat","embeddable":true,"href":"https:\/\/kervanmagazacilik.com\/index.php\/wp-json\/wp\/v2\/product_cat?post=33677"},{"taxonomy":"product_tag","embeddable":true,"href":"https:\/\/kervanmagazacilik.com\/index.php\/wp-json\/wp\/v2\/product_tag?post=33677"}],"curies":[{"name":"wp","href":"https:\/\/api.w.org\/{rel}","templated":true}]}}