{"id":33628,"date":"2025-12-18T12:11:39","date_gmt":"2025-12-18T09:11:39","guid":{"rendered":"https:\/\/kervanmagazacilik.com\/?post_type=product&#038;p=33628"},"modified":"2025-12-18T12:11:39","modified_gmt":"2025-12-18T09:11:39","slug":"759jp0000009","status":"publish","type":"product","link":"https:\/\/kervanmagazacilik.com\/index.php\/urun\/759jp0000009\/","title":{"rendered":"759JP0000009"},"content":{"rendered":"<p>759JP0000009<\/p>\n<p>DEKORAT\u0130F MELEK KIRMIZI D9 * H15 CM ( JP24F014-2R )<\/p>\n<p>ANA MALZEME CAM<\/p>\n<p>\u00dcR\u00dcN LED I\u015eIKLIDIR.<\/p>\n","protected":false},"excerpt":{"rendered":"<p>759JP0000009 DEKORAT\u0130F MELEK KIRMIZI D9 * H15 CM ( JP24F014-2R ) ANA MALZEME CAM \u00dcR\u00dcN LED I\u015eIKLIDIR.<\/p>\n","protected":false},"featured_media":33630,"template":"","meta":[],"product_brand":[],"product_cat":[7230],"product_tag":[7268],"class_list":{"0":"post-33628","1":"product","2":"type-product","3":"status-publish","4":"has-post-thumbnail","6":"product_cat-759jp","7":"product_tag-759jp0000009","9":"first","10":"instock","11":"taxable","12":"shipping-taxable","13":"product-type-simple"},"_links":{"self":[{"href":"https:\/\/kervanmagazacilik.com\/index.php\/wp-json\/wp\/v2\/product\/33628","targetHints":{"allow":["GET"]}}],"collection":[{"href":"https:\/\/kervanmagazacilik.com\/index.php\/wp-json\/wp\/v2\/product"}],"about":[{"href":"https:\/\/kervanmagazacilik.com\/index.php\/wp-json\/wp\/v2\/types\/product"}],"wp:featuredmedia":[{"embeddable":true,"href":"https:\/\/kervanmagazacilik.com\/index.php\/wp-json\/wp\/v2\/media\/33630"}],"wp:attachment":[{"href":"https:\/\/kervanmagazacilik.com\/index.php\/wp-json\/wp\/v2\/media?parent=33628"}],"wp:term":[{"taxonomy":"product_brand","embeddable":true,"href":"https:\/\/kervanmagazacilik.com\/index.php\/wp-json\/wp\/v2\/product_brand?post=33628"},{"taxonomy":"product_cat","embeddable":true,"href":"https:\/\/kervanmagazacilik.com\/index.php\/wp-json\/wp\/v2\/product_cat?post=33628"},{"taxonomy":"product_tag","embeddable":true,"href":"https:\/\/kervanmagazacilik.com\/index.php\/wp-json\/wp\/v2\/product_tag?post=33628"}],"curies":[{"name":"wp","href":"https:\/\/api.w.org\/{rel}","templated":true}]}}