{"id":33536,"date":"2025-12-17T17:55:29","date_gmt":"2025-12-17T14:55:29","guid":{"rendered":"https:\/\/kervanmagazacilik.com\/?post_type=product&#038;p=33536"},"modified":"2025-12-17T17:55:30","modified_gmt":"2025-12-17T14:55:30","slug":"042rys000022","status":"publish","type":"product","link":"https:\/\/kervanmagazacilik.com\/index.php\/urun\/042rys000022\/","title":{"rendered":"042RYS000022"},"content":{"rendered":"<p>042RYS000022<\/p>\n<p>LUNES P\u0130KE &#8211; YATAK \u00d6RT\u00dcS\u00dc 240&#215;250 3 PRC ANTRAS\u0130T<\/p>\n","protected":false},"excerpt":{"rendered":"<p>042RYS000022 LUNES P\u0130KE &#8211; YATAK \u00d6RT\u00dcS\u00dc 240&#215;250 3 PRC ANTRAS\u0130T<\/p>\n","protected":false},"featured_media":33539,"template":"","meta":[],"product_brand":[],"product_cat":[7185],"product_tag":[7252],"class_list":{"0":"post-33536","1":"product","2":"type-product","3":"status-publish","4":"has-post-thumbnail","6":"product_cat-042rsy","7":"product_tag-042rys000022","9":"first","10":"instock","11":"taxable","12":"shipping-taxable","13":"product-type-simple"},"_links":{"self":[{"href":"https:\/\/kervanmagazacilik.com\/index.php\/wp-json\/wp\/v2\/product\/33536","targetHints":{"allow":["GET"]}}],"collection":[{"href":"https:\/\/kervanmagazacilik.com\/index.php\/wp-json\/wp\/v2\/product"}],"about":[{"href":"https:\/\/kervanmagazacilik.com\/index.php\/wp-json\/wp\/v2\/types\/product"}],"wp:featuredmedia":[{"embeddable":true,"href":"https:\/\/kervanmagazacilik.com\/index.php\/wp-json\/wp\/v2\/media\/33539"}],"wp:attachment":[{"href":"https:\/\/kervanmagazacilik.com\/index.php\/wp-json\/wp\/v2\/media?parent=33536"}],"wp:term":[{"taxonomy":"product_brand","embeddable":true,"href":"https:\/\/kervanmagazacilik.com\/index.php\/wp-json\/wp\/v2\/product_brand?post=33536"},{"taxonomy":"product_cat","embeddable":true,"href":"https:\/\/kervanmagazacilik.com\/index.php\/wp-json\/wp\/v2\/product_cat?post=33536"},{"taxonomy":"product_tag","embeddable":true,"href":"https:\/\/kervanmagazacilik.com\/index.php\/wp-json\/wp\/v2\/product_tag?post=33536"}],"curies":[{"name":"wp","href":"https:\/\/api.w.org\/{rel}","templated":true}]}}