{"id":33385,"date":"2025-12-16T17:47:19","date_gmt":"2025-12-16T14:47:19","guid":{"rendered":"https:\/\/kervanmagazacilik.com\/?post_type=product&#038;p=33385"},"modified":"2025-12-16T17:47:20","modified_gmt":"2025-12-16T14:47:20","slug":"611ydgn00366","status":"publish","type":"product","link":"https:\/\/kervanmagazacilik.com\/index.php\/urun\/611ydgn00366\/","title":{"rendered":"611YDGN00366"},"content":{"rendered":"<p>611YDGN00366<\/p>\n<p>CAL\u0130STA K\u00d6\u015eE KOLTUK SA\u011e BEJ 160x350x60cm<\/p>\n<p>PROFESYONEL KURU TEM\u0130ZLEME \u00d6NER\u0130L\u0130R.<\/p>\n","protected":false},"excerpt":{"rendered":"<p>611YDGN00366 CAL\u0130STA K\u00d6\u015eE KOLTUK SA\u011e BEJ 160x350x60cm PROFESYONEL KURU TEM\u0130ZLEME \u00d6NER\u0130L\u0130R.<\/p>\n","protected":false},"featured_media":33386,"template":"","meta":[],"product_brand":[],"product_cat":[5750],"product_tag":[],"class_list":{"0":"post-33385","1":"product","2":"type-product","3":"status-publish","4":"has-post-thumbnail","6":"product_cat-611ydgn","8":"first","9":"instock","10":"taxable","11":"shipping-taxable","12":"product-type-simple"},"_links":{"self":[{"href":"https:\/\/kervanmagazacilik.com\/index.php\/wp-json\/wp\/v2\/product\/33385","targetHints":{"allow":["GET"]}}],"collection":[{"href":"https:\/\/kervanmagazacilik.com\/index.php\/wp-json\/wp\/v2\/product"}],"about":[{"href":"https:\/\/kervanmagazacilik.com\/index.php\/wp-json\/wp\/v2\/types\/product"}],"wp:featuredmedia":[{"embeddable":true,"href":"https:\/\/kervanmagazacilik.com\/index.php\/wp-json\/wp\/v2\/media\/33386"}],"wp:attachment":[{"href":"https:\/\/kervanmagazacilik.com\/index.php\/wp-json\/wp\/v2\/media?parent=33385"}],"wp:term":[{"taxonomy":"product_brand","embeddable":true,"href":"https:\/\/kervanmagazacilik.com\/index.php\/wp-json\/wp\/v2\/product_brand?post=33385"},{"taxonomy":"product_cat","embeddable":true,"href":"https:\/\/kervanmagazacilik.com\/index.php\/wp-json\/wp\/v2\/product_cat?post=33385"},{"taxonomy":"product_tag","embeddable":true,"href":"https:\/\/kervanmagazacilik.com\/index.php\/wp-json\/wp\/v2\/product_tag?post=33385"}],"curies":[{"name":"wp","href":"https:\/\/api.w.org\/{rel}","templated":true}]}}