{"id":32984,"date":"2025-11-27T09:30:27","date_gmt":"2025-11-27T06:30:27","guid":{"rendered":"https:\/\/kervanmagazacilik.com\/?post_type=product&#038;p=32984"},"modified":"2026-01-13T09:30:04","modified_gmt":"2026-01-13T06:30:04","slug":"671acc000100","status":"publish","type":"product","link":"https:\/\/kervanmagazacilik.com\/index.php\/urun\/671acc000100\/","title":{"rendered":"671ACC000100"},"content":{"rendered":"<p>671ACC000100<\/p>\n<p>LEONA YEMEK TABA\u011eI 21 CM KAHVERENG\u0130 (18535)<\/p>\n<p>\u00dcr\u00fcn materyali camd\u0131r. Bula\u015f\u0131k makinesinde y\u0131kanmamal\u0131d\u0131r.<br \/>\n\u0130\u00e7 k\u0131sm\u0131 hafif hemli bir bez ile temizlenmelidir. Alt k\u0131sm\u0131 kuru bez ile temizlenmelidir.<\/p>\n","protected":false},"excerpt":{"rendered":"<p>671ACC000100 LEONA YEMEK TABA\u011eI 21 CM KAHVERENG\u0130 (18535) \u00dcr\u00fcn materyali camd\u0131r. Bula\u015f\u0131k makinesinde y\u0131kanmamal\u0131d\u0131r. \u0130\u00e7 k\u0131sm\u0131 hafif hemli bir bez ile temizlenmelidir. Alt k\u0131sm\u0131 kuru bez ile temizlenmelidir.<\/p>\n","protected":false},"featured_media":32985,"template":"","meta":[],"product_brand":[],"product_cat":[41],"product_tag":[7164],"class_list":{"0":"post-32984","1":"product","2":"type-product","3":"status-publish","4":"has-post-thumbnail","6":"product_cat-611artf","7":"product_tag-671acc000100","9":"first","10":"instock","11":"taxable","12":"shipping-taxable","13":"product-type-simple"},"_links":{"self":[{"href":"https:\/\/kervanmagazacilik.com\/index.php\/wp-json\/wp\/v2\/product\/32984","targetHints":{"allow":["GET"]}}],"collection":[{"href":"https:\/\/kervanmagazacilik.com\/index.php\/wp-json\/wp\/v2\/product"}],"about":[{"href":"https:\/\/kervanmagazacilik.com\/index.php\/wp-json\/wp\/v2\/types\/product"}],"wp:featuredmedia":[{"embeddable":true,"href":"https:\/\/kervanmagazacilik.com\/index.php\/wp-json\/wp\/v2\/media\/32985"}],"wp:attachment":[{"href":"https:\/\/kervanmagazacilik.com\/index.php\/wp-json\/wp\/v2\/media?parent=32984"}],"wp:term":[{"taxonomy":"product_brand","embeddable":true,"href":"https:\/\/kervanmagazacilik.com\/index.php\/wp-json\/wp\/v2\/product_brand?post=32984"},{"taxonomy":"product_cat","embeddable":true,"href":"https:\/\/kervanmagazacilik.com\/index.php\/wp-json\/wp\/v2\/product_cat?post=32984"},{"taxonomy":"product_tag","embeddable":true,"href":"https:\/\/kervanmagazacilik.com\/index.php\/wp-json\/wp\/v2\/product_tag?post=32984"}],"curies":[{"name":"wp","href":"https:\/\/api.w.org\/{rel}","templated":true}]}}