{"id":32482,"date":"2025-11-20T08:44:11","date_gmt":"2025-11-20T05:44:11","guid":{"rendered":"https:\/\/kervanmagazacilik.com\/?post_type=product&#038;p=32482"},"modified":"2025-11-20T08:44:11","modified_gmt":"2025-11-20T05:44:11","slug":"042004802569","status":"publish","type":"product","link":"https:\/\/kervanmagazacilik.com\/index.php\/urun\/042004802569\/","title":{"rendered":"042004802569"},"content":{"rendered":"<p>042004802569<\/p>\n<p>L\u0130N\u0130T P\u0130KE TAKIMI 240X250 CK. 3 PRC KREM<\/p>\n<p>Kuma\u015f, %70pamuk %30 polyester<br \/>\nAksesuar, %100 polyester<br \/>\n30 derece y\u0131kama<br \/>\n\u00c7ama\u015f\u0131r suyu konamaz<br \/>\nKurutma makinesinde kurutulamaz<br \/>\nD\u00fc\u015f\u00fck \u0131s\u0131da \u00fct\u00fclenmelidir<\/p>\n<p>ALT GRUP: P\u0130KE YATAK ODASI<br \/>\nP\u0130KE: 240X250 cm<br \/>\nYASTIK: 50X70 cm (2 ADET)<\/p>\n","protected":false},"excerpt":{"rendered":"<p>042004802569 L\u0130N\u0130T P\u0130KE TAKIMI 240X250 CK. 3 PRC KREM Kuma\u015f, %70pamuk %30 polyester Aksesuar, %100 polyester 30 derece y\u0131kama \u00c7ama\u015f\u0131r suyu konamaz Kurutma makinesinde kurutulamaz D\u00fc\u015f\u00fck \u0131s\u0131da \u00fct\u00fclenmelidir ALT GRUP: P\u0130KE YATAK ODASI P\u0130KE: 240X250 cm YASTIK: 50X70 cm (2 ADET)<\/p>\n","protected":false},"featured_media":32484,"template":"","meta":[],"product_brand":[],"product_cat":[2478],"product_tag":[7096],"class_list":{"0":"post-32482","1":"product","2":"type-product","3":"status-publish","4":"has-post-thumbnail","6":"product_cat-2478","7":"product_tag-7096","9":"first","10":"instock","11":"taxable","12":"shipping-taxable","13":"product-type-simple"},"_links":{"self":[{"href":"https:\/\/kervanmagazacilik.com\/index.php\/wp-json\/wp\/v2\/product\/32482","targetHints":{"allow":["GET"]}}],"collection":[{"href":"https:\/\/kervanmagazacilik.com\/index.php\/wp-json\/wp\/v2\/product"}],"about":[{"href":"https:\/\/kervanmagazacilik.com\/index.php\/wp-json\/wp\/v2\/types\/product"}],"wp:featuredmedia":[{"embeddable":true,"href":"https:\/\/kervanmagazacilik.com\/index.php\/wp-json\/wp\/v2\/media\/32484"}],"wp:attachment":[{"href":"https:\/\/kervanmagazacilik.com\/index.php\/wp-json\/wp\/v2\/media?parent=32482"}],"wp:term":[{"taxonomy":"product_brand","embeddable":true,"href":"https:\/\/kervanmagazacilik.com\/index.php\/wp-json\/wp\/v2\/product_brand?post=32482"},{"taxonomy":"product_cat","embeddable":true,"href":"https:\/\/kervanmagazacilik.com\/index.php\/wp-json\/wp\/v2\/product_cat?post=32482"},{"taxonomy":"product_tag","embeddable":true,"href":"https:\/\/kervanmagazacilik.com\/index.php\/wp-json\/wp\/v2\/product_tag?post=32482"}],"curies":[{"name":"wp","href":"https:\/\/api.w.org\/{rel}","templated":true}]}}