{"id":32437,"date":"2025-11-19T12:30:19","date_gmt":"2025-11-19T09:30:19","guid":{"rendered":"https:\/\/kervanmagazacilik.com\/?post_type=product&#038;p=32437"},"modified":"2025-11-21T10:24:58","modified_gmt":"2025-11-21T07:24:58","slug":"10176npt00039","status":"publish","type":"product","link":"https:\/\/kervanmagazacilik.com\/index.php\/urun\/10176npt00039\/","title":{"rendered":"10176NPT00039"},"content":{"rendered":"<p>10176NPT00039<\/p>\n<p>NAR MUMLUK\/\u00c7AM A\u011eACI TA\u015eLI HAVLU 45&#215;70 cm KUTULU SET KIRMIZI<\/p>\n<p>\u0130\u00c7ER\u0130K; ASETATLI KRAFT KUTU (10X32X8 CM) + KAPAKLI CAM \u0130\u00c7ER\u0130S\u0130NDE NAR FORMUNDA MUM + HAVLU (45X70 CM) NOT: HAVLU \u00d6L\u00c7\u00dcS\u00dc +\/- 5 CM DE\u011e\u0130\u015eKENL\u0130K G\u00d6STEREB\u0130L\u0130R KOKU: PURENESS<\/p>\n","protected":false},"excerpt":{"rendered":"<p>10176NPT00039 NAR MUMLUK\/\u00c7AM A\u011eACI TA\u015eLI HAVLU 45&#215;70 cm KUTULU SET KIRMIZI \u0130\u00c7ER\u0130K; ASETATLI KRAFT KUTU (10X32X8 CM) + KAPAKLI CAM \u0130\u00c7ER\u0130S\u0130NDE NAR FORMUNDA MUM + HAVLU (45X70 CM) NOT: HAVLU \u00d6L\u00c7\u00dcS\u00dc +\/- 5 CM DE\u011e\u0130\u015eKENL\u0130K G\u00d6STEREB\u0130L\u0130R KOKU: PURENESS<\/p>\n","protected":false},"featured_media":32438,"template":"","meta":[],"product_brand":[],"product_cat":[2101],"product_tag":[7089],"class_list":{"0":"post-32437","1":"product","2":"type-product","3":"status-publish","4":"has-post-thumbnail","6":"product_cat-10176npt","7":"product_tag-10176npt00039","9":"first","10":"instock","11":"taxable","12":"shipping-taxable","13":"product-type-simple"},"_links":{"self":[{"href":"https:\/\/kervanmagazacilik.com\/index.php\/wp-json\/wp\/v2\/product\/32437","targetHints":{"allow":["GET"]}}],"collection":[{"href":"https:\/\/kervanmagazacilik.com\/index.php\/wp-json\/wp\/v2\/product"}],"about":[{"href":"https:\/\/kervanmagazacilik.com\/index.php\/wp-json\/wp\/v2\/types\/product"}],"wp:featuredmedia":[{"embeddable":true,"href":"https:\/\/kervanmagazacilik.com\/index.php\/wp-json\/wp\/v2\/media\/32438"}],"wp:attachment":[{"href":"https:\/\/kervanmagazacilik.com\/index.php\/wp-json\/wp\/v2\/media?parent=32437"}],"wp:term":[{"taxonomy":"product_brand","embeddable":true,"href":"https:\/\/kervanmagazacilik.com\/index.php\/wp-json\/wp\/v2\/product_brand?post=32437"},{"taxonomy":"product_cat","embeddable":true,"href":"https:\/\/kervanmagazacilik.com\/index.php\/wp-json\/wp\/v2\/product_cat?post=32437"},{"taxonomy":"product_tag","embeddable":true,"href":"https:\/\/kervanmagazacilik.com\/index.php\/wp-json\/wp\/v2\/product_tag?post=32437"}],"curies":[{"name":"wp","href":"https:\/\/api.w.org\/{rel}","templated":true}]}}