{"id":32324,"date":"2025-11-18T16:20:34","date_gmt":"2025-11-18T13:20:34","guid":{"rendered":"https:\/\/kervanmagazacilik.com\/?post_type=product&#038;p=32324"},"modified":"2025-11-18T16:20:34","modified_gmt":"2025-11-18T13:20:34","slug":"611ydgn00076","status":"publish","type":"product","link":"https:\/\/kervanmagazacilik.com\/index.php\/urun\/611ydgn00076\/","title":{"rendered":"611YDGN00076"},"content":{"rendered":"<p>611YDGN00076<\/p>\n<p>K\u00d6\u015eE KOLTUK GR\u0130<\/p>\n","protected":false},"excerpt":{"rendered":"<p>611YDGN00076 K\u00d6\u015eE KOLTUK GR\u0130<\/p>\n","protected":false},"featured_media":32326,"template":"","meta":[],"product_brand":[],"product_cat":[5750],"product_tag":[7078],"class_list":{"0":"post-32324","1":"product","2":"type-product","3":"status-publish","4":"has-post-thumbnail","6":"product_cat-611ydgn","7":"product_tag-611ydgn00076","9":"first","10":"instock","11":"taxable","12":"shipping-taxable","13":"product-type-simple"},"_links":{"self":[{"href":"https:\/\/kervanmagazacilik.com\/index.php\/wp-json\/wp\/v2\/product\/32324","targetHints":{"allow":["GET"]}}],"collection":[{"href":"https:\/\/kervanmagazacilik.com\/index.php\/wp-json\/wp\/v2\/product"}],"about":[{"href":"https:\/\/kervanmagazacilik.com\/index.php\/wp-json\/wp\/v2\/types\/product"}],"wp:featuredmedia":[{"embeddable":true,"href":"https:\/\/kervanmagazacilik.com\/index.php\/wp-json\/wp\/v2\/media\/32326"}],"wp:attachment":[{"href":"https:\/\/kervanmagazacilik.com\/index.php\/wp-json\/wp\/v2\/media?parent=32324"}],"wp:term":[{"taxonomy":"product_brand","embeddable":true,"href":"https:\/\/kervanmagazacilik.com\/index.php\/wp-json\/wp\/v2\/product_brand?post=32324"},{"taxonomy":"product_cat","embeddable":true,"href":"https:\/\/kervanmagazacilik.com\/index.php\/wp-json\/wp\/v2\/product_cat?post=32324"},{"taxonomy":"product_tag","embeddable":true,"href":"https:\/\/kervanmagazacilik.com\/index.php\/wp-json\/wp\/v2\/product_tag?post=32324"}],"curies":[{"name":"wp","href":"https:\/\/api.w.org\/{rel}","templated":true}]}}