{"id":32278,"date":"2025-11-18T15:18:51","date_gmt":"2025-11-18T12:18:51","guid":{"rendered":"https:\/\/kervanmagazacilik.com\/?post_type=product&#038;p=32278"},"modified":"2025-11-21T09:10:12","modified_gmt":"2025-11-21T06:10:12","slug":"671acc000094","status":"publish","type":"product","link":"https:\/\/kervanmagazacilik.com\/index.php\/urun\/671acc000094\/","title":{"rendered":"671ACC000094"},"content":{"rendered":"<p>671ACC000094<\/p>\n<p>DEKORAT\u0130F NAR 10X10 CM KIRMIZI<\/p>\n<p>\u00dcR\u00dcN MATERYAL\u0130 CAMDIR. KURU BEZ \u0130LE TOZ ALINMALIDIR.<br \/>\n\u015e\u0130\u015eE AYNI ZAMANDA KOKU \u015e\u0130\u015eES\u0130 OLARAK KULLANILAB\u0130L\u0130R.<\/p>\n","protected":false},"excerpt":{"rendered":"<p>671ACC000094 DEKORAT\u0130F NAR 10X10 CM KIRMIZI \u00dcR\u00dcN MATERYAL\u0130 CAMDIR. KURU BEZ \u0130LE TOZ ALINMALIDIR. \u015e\u0130\u015eE AYNI ZAMANDA KOKU \u015e\u0130\u015eES\u0130 OLARAK KULLANILAB\u0130L\u0130R.<\/p>\n","protected":false},"featured_media":32279,"template":"","meta":[],"product_brand":[],"product_cat":[166],"product_tag":[7072],"class_list":{"0":"post-32278","1":"product","2":"type-product","3":"status-publish","4":"has-post-thumbnail","6":"product_cat-671acc","7":"product_tag-671acc000094","9":"first","10":"instock","11":"taxable","12":"shipping-taxable","13":"product-type-simple"},"_links":{"self":[{"href":"https:\/\/kervanmagazacilik.com\/index.php\/wp-json\/wp\/v2\/product\/32278","targetHints":{"allow":["GET"]}}],"collection":[{"href":"https:\/\/kervanmagazacilik.com\/index.php\/wp-json\/wp\/v2\/product"}],"about":[{"href":"https:\/\/kervanmagazacilik.com\/index.php\/wp-json\/wp\/v2\/types\/product"}],"wp:featuredmedia":[{"embeddable":true,"href":"https:\/\/kervanmagazacilik.com\/index.php\/wp-json\/wp\/v2\/media\/32279"}],"wp:attachment":[{"href":"https:\/\/kervanmagazacilik.com\/index.php\/wp-json\/wp\/v2\/media?parent=32278"}],"wp:term":[{"taxonomy":"product_brand","embeddable":true,"href":"https:\/\/kervanmagazacilik.com\/index.php\/wp-json\/wp\/v2\/product_brand?post=32278"},{"taxonomy":"product_cat","embeddable":true,"href":"https:\/\/kervanmagazacilik.com\/index.php\/wp-json\/wp\/v2\/product_cat?post=32278"},{"taxonomy":"product_tag","embeddable":true,"href":"https:\/\/kervanmagazacilik.com\/index.php\/wp-json\/wp\/v2\/product_tag?post=32278"}],"curies":[{"name":"wp","href":"https:\/\/api.w.org\/{rel}","templated":true}]}}