{"id":32245,"date":"2025-11-11T14:00:14","date_gmt":"2025-11-11T11:00:14","guid":{"rendered":"https:\/\/kervanmagazacilik.com\/?post_type=product&#038;p=32245"},"modified":"2025-11-18T17:44:30","modified_gmt":"2025-11-18T14:44:30","slug":"241063027287","status":"publish","type":"product","link":"https:\/\/kervanmagazacilik.com\/index.php\/urun\/241063027287\/","title":{"rendered":"241063027287"},"content":{"rendered":"<p>241063027287<\/p>\n<p>MERRY PE\u00c7ETEL\u0130K 11,5&#215;25,5&#215;5,5 cm<\/p>\n<p>MALZEME: Ah\u015fap+Polyester<br \/>\nKutu ah\u015fapt\u0131r.<\/p>\n","protected":false},"excerpt":{"rendered":"<p>241063027287 MERRY PE\u00c7ETEL\u0130K 11,5&#215;25,5&#215;5,5 cm MALZEME: Ah\u015fap+Polyester Kutu ah\u015fapt\u0131r.<\/p>\n","protected":false},"featured_media":32247,"template":"","meta":[],"product_brand":[],"product_cat":[3250],"product_tag":[7067],"class_list":{"0":"post-32245","1":"product","2":"type-product","3":"status-publish","4":"has-post-thumbnail","6":"product_cat-3250","7":"product_tag-7067","9":"first","10":"instock","11":"taxable","12":"shipping-taxable","13":"product-type-simple"},"_links":{"self":[{"href":"https:\/\/kervanmagazacilik.com\/index.php\/wp-json\/wp\/v2\/product\/32245","targetHints":{"allow":["GET"]}}],"collection":[{"href":"https:\/\/kervanmagazacilik.com\/index.php\/wp-json\/wp\/v2\/product"}],"about":[{"href":"https:\/\/kervanmagazacilik.com\/index.php\/wp-json\/wp\/v2\/types\/product"}],"wp:featuredmedia":[{"embeddable":true,"href":"https:\/\/kervanmagazacilik.com\/index.php\/wp-json\/wp\/v2\/media\/32247"}],"wp:attachment":[{"href":"https:\/\/kervanmagazacilik.com\/index.php\/wp-json\/wp\/v2\/media?parent=32245"}],"wp:term":[{"taxonomy":"product_brand","embeddable":true,"href":"https:\/\/kervanmagazacilik.com\/index.php\/wp-json\/wp\/v2\/product_brand?post=32245"},{"taxonomy":"product_cat","embeddable":true,"href":"https:\/\/kervanmagazacilik.com\/index.php\/wp-json\/wp\/v2\/product_cat?post=32245"},{"taxonomy":"product_tag","embeddable":true,"href":"https:\/\/kervanmagazacilik.com\/index.php\/wp-json\/wp\/v2\/product_tag?post=32245"}],"curies":[{"name":"wp","href":"https:\/\/api.w.org\/{rel}","templated":true}]}}