{"id":32112,"date":"2025-10-27T15:31:41","date_gmt":"2025-10-27T12:31:41","guid":{"rendered":"https:\/\/kervanmagazacilik.com\/?post_type=product&#038;p=32112"},"modified":"2025-10-27T15:31:41","modified_gmt":"2025-10-27T12:31:41","slug":"611pjs000067-2","status":"publish","type":"product","link":"https:\/\/kervanmagazacilik.com\/index.php\/urun\/611pjs000067-2\/","title":{"rendered":"611PJS000067"},"content":{"rendered":"<p>611PJS000067<\/p>\n<p>TV \u00dcN\u0130TES\u0130 46x169x56cm MF 016 KR<\/p>\n","protected":false},"excerpt":{"rendered":"<p>611PJS000067 TV \u00dcN\u0130TES\u0130 46x169x56cm MF 016 KR<\/p>\n","protected":false},"featured_media":32113,"template":"","meta":[],"product_brand":[],"product_cat":[1857],"product_tag":[6669],"class_list":{"0":"post-32112","1":"product","2":"type-product","3":"status-publish","4":"has-post-thumbnail","6":"product_cat-611pjs","7":"product_tag-611pjs000067","9":"first","10":"instock","11":"taxable","12":"shipping-taxable","13":"product-type-simple"},"_links":{"self":[{"href":"https:\/\/kervanmagazacilik.com\/index.php\/wp-json\/wp\/v2\/product\/32112","targetHints":{"allow":["GET"]}}],"collection":[{"href":"https:\/\/kervanmagazacilik.com\/index.php\/wp-json\/wp\/v2\/product"}],"about":[{"href":"https:\/\/kervanmagazacilik.com\/index.php\/wp-json\/wp\/v2\/types\/product"}],"wp:featuredmedia":[{"embeddable":true,"href":"https:\/\/kervanmagazacilik.com\/index.php\/wp-json\/wp\/v2\/media\/32113"}],"wp:attachment":[{"href":"https:\/\/kervanmagazacilik.com\/index.php\/wp-json\/wp\/v2\/media?parent=32112"}],"wp:term":[{"taxonomy":"product_brand","embeddable":true,"href":"https:\/\/kervanmagazacilik.com\/index.php\/wp-json\/wp\/v2\/product_brand?post=32112"},{"taxonomy":"product_cat","embeddable":true,"href":"https:\/\/kervanmagazacilik.com\/index.php\/wp-json\/wp\/v2\/product_cat?post=32112"},{"taxonomy":"product_tag","embeddable":true,"href":"https:\/\/kervanmagazacilik.com\/index.php\/wp-json\/wp\/v2\/product_tag?post=32112"}],"curies":[{"name":"wp","href":"https:\/\/api.w.org\/{rel}","templated":true}]}}