{"id":31631,"date":"2025-10-14T16:38:49","date_gmt":"2025-10-14T13:38:49","guid":{"rendered":"https:\/\/kervanmagazacilik.com\/?post_type=product&#038;p=31631"},"modified":"2025-10-14T16:38:49","modified_gmt":"2025-10-14T13:38:49","slug":"611dnt000042","status":"publish","type":"product","link":"https:\/\/kervanmagazacilik.com\/index.php\/urun\/611dnt000042\/","title":{"rendered":"611DNT000042"},"content":{"rendered":"<p>611DNT000042<\/p>\n<p>ELEGANCE D\u0130KD\u00d6RTGEN ORTA SEHPA P\u0130R\u0130N\u00c7 ESK\u0130TME 70X120X46 CM<\/p>\n","protected":false},"excerpt":{"rendered":"<p>611DNT000042 ELEGANCE D\u0130KD\u00d6RTGEN ORTA SEHPA P\u0130R\u0130N\u00c7 ESK\u0130TME 70X120X46 CM<\/p>\n","protected":false},"featured_media":31632,"template":"","meta":[],"product_brand":[],"product_cat":[88],"product_tag":[6984],"class_list":{"0":"post-31631","1":"product","2":"type-product","3":"status-publish","4":"has-post-thumbnail","6":"product_cat-611dnt","7":"product_tag-611dnt000042","9":"first","10":"instock","11":"taxable","12":"shipping-taxable","13":"product-type-simple"},"_links":{"self":[{"href":"https:\/\/kervanmagazacilik.com\/index.php\/wp-json\/wp\/v2\/product\/31631","targetHints":{"allow":["GET"]}}],"collection":[{"href":"https:\/\/kervanmagazacilik.com\/index.php\/wp-json\/wp\/v2\/product"}],"about":[{"href":"https:\/\/kervanmagazacilik.com\/index.php\/wp-json\/wp\/v2\/types\/product"}],"wp:featuredmedia":[{"embeddable":true,"href":"https:\/\/kervanmagazacilik.com\/index.php\/wp-json\/wp\/v2\/media\/31632"}],"wp:attachment":[{"href":"https:\/\/kervanmagazacilik.com\/index.php\/wp-json\/wp\/v2\/media?parent=31631"}],"wp:term":[{"taxonomy":"product_brand","embeddable":true,"href":"https:\/\/kervanmagazacilik.com\/index.php\/wp-json\/wp\/v2\/product_brand?post=31631"},{"taxonomy":"product_cat","embeddable":true,"href":"https:\/\/kervanmagazacilik.com\/index.php\/wp-json\/wp\/v2\/product_cat?post=31631"},{"taxonomy":"product_tag","embeddable":true,"href":"https:\/\/kervanmagazacilik.com\/index.php\/wp-json\/wp\/v2\/product_tag?post=31631"}],"curies":[{"name":"wp","href":"https:\/\/api.w.org\/{rel}","templated":true}]}}