{"id":30217,"date":"2025-08-11T15:10:42","date_gmt":"2025-08-11T12:10:42","guid":{"rendered":"https:\/\/kervanmagazacilik.com\/?post_type=product&#038;p=30217"},"modified":"2025-08-11T15:10:42","modified_gmt":"2025-08-11T12:10:42","slug":"900tng000064","status":"publish","type":"product","link":"https:\/\/kervanmagazacilik.com\/index.php\/urun\/900tng000064\/","title":{"rendered":"900TNG000064"},"content":{"rendered":"<p>900TNG000064<\/p>\n<p>TH218112 3 K\u00d6K YE\u015e\u0130L FIKUS YAPAY AGAC 220 CM (759TUF000043)<\/p>\n","protected":false},"excerpt":{"rendered":"<p>900TNG000064 TH218112 3 K\u00d6K YE\u015e\u0130L FIKUS YAPAY AGAC 220 CM (759TUF000043)<\/p>\n","protected":false},"featured_media":30218,"template":"","meta":[],"product_brand":[],"product_cat":[6103],"product_tag":[6703],"class_list":{"0":"post-30217","1":"product","2":"type-product","3":"status-publish","4":"has-post-thumbnail","6":"product_cat-900tng","7":"product_tag-900tng000064","9":"first","10":"instock","11":"taxable","12":"shipping-taxable","13":"product-type-simple"},"_links":{"self":[{"href":"https:\/\/kervanmagazacilik.com\/index.php\/wp-json\/wp\/v2\/product\/30217","targetHints":{"allow":["GET"]}}],"collection":[{"href":"https:\/\/kervanmagazacilik.com\/index.php\/wp-json\/wp\/v2\/product"}],"about":[{"href":"https:\/\/kervanmagazacilik.com\/index.php\/wp-json\/wp\/v2\/types\/product"}],"wp:featuredmedia":[{"embeddable":true,"href":"https:\/\/kervanmagazacilik.com\/index.php\/wp-json\/wp\/v2\/media\/30218"}],"wp:attachment":[{"href":"https:\/\/kervanmagazacilik.com\/index.php\/wp-json\/wp\/v2\/media?parent=30217"}],"wp:term":[{"taxonomy":"product_brand","embeddable":true,"href":"https:\/\/kervanmagazacilik.com\/index.php\/wp-json\/wp\/v2\/product_brand?post=30217"},{"taxonomy":"product_cat","embeddable":true,"href":"https:\/\/kervanmagazacilik.com\/index.php\/wp-json\/wp\/v2\/product_cat?post=30217"},{"taxonomy":"product_tag","embeddable":true,"href":"https:\/\/kervanmagazacilik.com\/index.php\/wp-json\/wp\/v2\/product_tag?post=30217"}],"curies":[{"name":"wp","href":"https:\/\/api.w.org\/{rel}","templated":true}]}}