{"id":29662,"date":"2025-07-25T08:57:45","date_gmt":"2025-07-25T05:57:45","guid":{"rendered":"https:\/\/kervanmagazacilik.com\/?post_type=product&#038;p=29662"},"modified":"2025-07-25T08:57:45","modified_gmt":"2025-07-25T05:57:45","slug":"10008ama0004","status":"publish","type":"product","link":"https:\/\/kervanmagazacilik.com\/index.php\/urun\/10008ama0004\/","title":{"rendered":"10008AMA0004"},"content":{"rendered":"<p>10008AMA0004<\/p>\n<p>TIGER LILY RUNNER ( ACSBR2401 ) \u00c7OK RENKL\u0130 40X160 CM<\/p>\n<p>30\u00b0C ELDE YIKAYIN, D\u00dc\u015e\u00dcK ISIDA \u00dcT\u00dcLEY\u0130N, \u00c7AMA\u015eIR SUYU KULLANMAYIN, KURUTMA MAK\u0130NES\u0130NDE KURUTMAYIN<\/p>\n","protected":false},"excerpt":{"rendered":"<p>10008AMA0004 TIGER LILY RUNNER ( ACSBR2401 ) \u00c7OK RENKL\u0130 40X160 CM 30\u00b0C ELDE YIKAYIN, D\u00dc\u015e\u00dcK ISIDA \u00dcT\u00dcLEY\u0130N, \u00c7AMA\u015eIR SUYU KULLANMAYIN, KURUTMA MAK\u0130NES\u0130NDE KURUTMAYIN<\/p>\n","protected":false},"featured_media":29663,"template":"","meta":[],"product_brand":[],"product_cat":[6579],"product_tag":[6582],"class_list":{"0":"post-29662","1":"product","2":"type-product","3":"status-publish","4":"has-post-thumbnail","6":"product_cat-10008ama","7":"product_tag-10008ama0004","9":"first","10":"instock","11":"taxable","12":"shipping-taxable","13":"product-type-simple"},"_links":{"self":[{"href":"https:\/\/kervanmagazacilik.com\/index.php\/wp-json\/wp\/v2\/product\/29662","targetHints":{"allow":["GET"]}}],"collection":[{"href":"https:\/\/kervanmagazacilik.com\/index.php\/wp-json\/wp\/v2\/product"}],"about":[{"href":"https:\/\/kervanmagazacilik.com\/index.php\/wp-json\/wp\/v2\/types\/product"}],"wp:featuredmedia":[{"embeddable":true,"href":"https:\/\/kervanmagazacilik.com\/index.php\/wp-json\/wp\/v2\/media\/29663"}],"wp:attachment":[{"href":"https:\/\/kervanmagazacilik.com\/index.php\/wp-json\/wp\/v2\/media?parent=29662"}],"wp:term":[{"taxonomy":"product_brand","embeddable":true,"href":"https:\/\/kervanmagazacilik.com\/index.php\/wp-json\/wp\/v2\/product_brand?post=29662"},{"taxonomy":"product_cat","embeddable":true,"href":"https:\/\/kervanmagazacilik.com\/index.php\/wp-json\/wp\/v2\/product_cat?post=29662"},{"taxonomy":"product_tag","embeddable":true,"href":"https:\/\/kervanmagazacilik.com\/index.php\/wp-json\/wp\/v2\/product_tag?post=29662"}],"curies":[{"name":"wp","href":"https:\/\/api.w.org\/{rel}","templated":true}]}}