{"id":29520,"date":"2025-07-22T09:24:29","date_gmt":"2025-07-22T06:24:29","guid":{"rendered":"https:\/\/kervanmagazacilik.com\/?post_type=product&#038;p=29520"},"modified":"2025-07-22T09:24:30","modified_gmt":"2025-07-22T06:24:30","slug":"241063027879","status":"publish","type":"product","link":"https:\/\/kervanmagazacilik.com\/index.php\/urun\/241063027879\/","title":{"rendered":"241063027879"},"content":{"rendered":"<p>241063027879<\/p>\n<table width=\"419\">\n<tbody>\n<tr>\n<td width=\"419\">CALB\u0130NA \u00c7\u0130\u00c7EKL\u0130 K\u00dc\u00c7\u00dcK MUMLUK 10x15x30cm<\/td>\n<\/tr>\n<\/tbody>\n<\/table>\n<p>MALZEME: Plastik+Cam<br \/>\n\u00d6l\u00e7\u00fcler +\/- 5 cm de\u011fi\u015fkenlik g\u00f6sterebilir<br \/>\nHafif nemli bezle silinebilir<\/p>\n<p>ALT GRUP: DEKORAT\u0130F AKSESUAR<\/p>\n","protected":false},"excerpt":{"rendered":"<p>241063027879 CALB\u0130NA \u00c7\u0130\u00c7EKL\u0130 K\u00dc\u00c7\u00dcK MUMLUK 10x15x30cm MALZEME: Plastik+Cam \u00d6l\u00e7\u00fcler +\/- 5 cm de\u011fi\u015fkenlik g\u00f6sterebilir Hafif nemli bezle silinebilir ALT GRUP: DEKORAT\u0130F AKSESUAR<\/p>\n","protected":false},"featured_media":29524,"template":"","meta":[],"product_brand":[],"product_cat":[3250],"product_tag":[6539],"class_list":{"0":"post-29520","1":"product","2":"type-product","3":"status-publish","4":"has-post-thumbnail","6":"product_cat-3250","7":"product_tag-6539","9":"first","10":"instock","11":"taxable","12":"shipping-taxable","13":"product-type-simple"},"_links":{"self":[{"href":"https:\/\/kervanmagazacilik.com\/index.php\/wp-json\/wp\/v2\/product\/29520","targetHints":{"allow":["GET"]}}],"collection":[{"href":"https:\/\/kervanmagazacilik.com\/index.php\/wp-json\/wp\/v2\/product"}],"about":[{"href":"https:\/\/kervanmagazacilik.com\/index.php\/wp-json\/wp\/v2\/types\/product"}],"wp:featuredmedia":[{"embeddable":true,"href":"https:\/\/kervanmagazacilik.com\/index.php\/wp-json\/wp\/v2\/media\/29524"}],"wp:attachment":[{"href":"https:\/\/kervanmagazacilik.com\/index.php\/wp-json\/wp\/v2\/media?parent=29520"}],"wp:term":[{"taxonomy":"product_brand","embeddable":true,"href":"https:\/\/kervanmagazacilik.com\/index.php\/wp-json\/wp\/v2\/product_brand?post=29520"},{"taxonomy":"product_cat","embeddable":true,"href":"https:\/\/kervanmagazacilik.com\/index.php\/wp-json\/wp\/v2\/product_cat?post=29520"},{"taxonomy":"product_tag","embeddable":true,"href":"https:\/\/kervanmagazacilik.com\/index.php\/wp-json\/wp\/v2\/product_tag?post=29520"}],"curies":[{"name":"wp","href":"https:\/\/api.w.org\/{rel}","templated":true}]}}