{"id":28603,"date":"2025-07-08T17:42:10","date_gmt":"2025-07-08T14:42:10","guid":{"rendered":"https:\/\/kervanmagazacilik.com\/?post_type=product&#038;p=28603"},"modified":"2025-07-08T17:42:11","modified_gmt":"2025-07-08T14:42:11","slug":"611cos000003","status":"publish","type":"product","link":"https:\/\/kervanmagazacilik.com\/index.php\/urun\/611cos000003\/","title":{"rendered":"611COS000003"},"content":{"rendered":"<p>611COS000003<\/p>\n<p>CS03 POLLY KOLTUK TK. 2+1+1+ 2 AD SEHPA<\/p>\n<p>\u0130K\u0130L\u0130 KOLTUK: 81x155x70cm<\/p>\n<p>TEKL\u0130 KOLTUK : 81x90x70cm<\/p>\n<p>B\u00dcY\u00dcK SEHPA : 80x80x43cm<\/p>\n<p>K\u00dc\u00c7\u00dcK SEHPA : 55x55x40cm<\/p>\n<p>OLEF\u0130N KUMA\u015e<\/p>\n","protected":false},"excerpt":{"rendered":"<p>611COS000003 CS03 POLLY KOLTUK TK. 2+1+1+ 2 AD SEHPA \u0130K\u0130L\u0130 KOLTUK: 81x155x70cm TEKL\u0130 KOLTUK : 81x90x70cm B\u00dcY\u00dcK SEHPA : 80x80x43cm K\u00dc\u00c7\u00dcK SEHPA : 55x55x40cm OLEF\u0130N KUMA\u015e<\/p>\n","protected":false},"featured_media":28605,"template":"","meta":[],"product_brand":[],"product_cat":[6242],"product_tag":[6247],"class_list":{"0":"post-28603","1":"product","2":"type-product","3":"status-publish","4":"has-post-thumbnail","6":"product_cat-611cos","7":"product_tag-611cos000003","9":"first","10":"instock","11":"taxable","12":"shipping-taxable","13":"product-type-simple"},"_links":{"self":[{"href":"https:\/\/kervanmagazacilik.com\/index.php\/wp-json\/wp\/v2\/product\/28603","targetHints":{"allow":["GET"]}}],"collection":[{"href":"https:\/\/kervanmagazacilik.com\/index.php\/wp-json\/wp\/v2\/product"}],"about":[{"href":"https:\/\/kervanmagazacilik.com\/index.php\/wp-json\/wp\/v2\/types\/product"}],"wp:featuredmedia":[{"embeddable":true,"href":"https:\/\/kervanmagazacilik.com\/index.php\/wp-json\/wp\/v2\/media\/28605"}],"wp:attachment":[{"href":"https:\/\/kervanmagazacilik.com\/index.php\/wp-json\/wp\/v2\/media?parent=28603"}],"wp:term":[{"taxonomy":"product_brand","embeddable":true,"href":"https:\/\/kervanmagazacilik.com\/index.php\/wp-json\/wp\/v2\/product_brand?post=28603"},{"taxonomy":"product_cat","embeddable":true,"href":"https:\/\/kervanmagazacilik.com\/index.php\/wp-json\/wp\/v2\/product_cat?post=28603"},{"taxonomy":"product_tag","embeddable":true,"href":"https:\/\/kervanmagazacilik.com\/index.php\/wp-json\/wp\/v2\/product_tag?post=28603"}],"curies":[{"name":"wp","href":"https:\/\/api.w.org\/{rel}","templated":true}]}}