{"id":28153,"date":"2025-07-01T16:31:21","date_gmt":"2025-07-01T13:31:21","guid":{"rendered":"https:\/\/kervanmagazacilik.com\/?post_type=product&#038;p=28153"},"modified":"2025-07-01T16:31:22","modified_gmt":"2025-07-01T13:31:22","slug":"900jia000038","status":"publish","type":"product","link":"https:\/\/kervanmagazacilik.com\/index.php\/urun\/900jia000038\/","title":{"rendered":"900JIA000038"},"content":{"rendered":"<p>900JIA000038<\/p>\n<p>HA5XYD1840CFQGHBE YAPAY DAHLIA \u00c7\u0130\u00c7E\u011e\u0130 KREM 61 CM<\/p>\n","protected":false},"excerpt":{"rendered":"<p>900JIA000038 HA5XYD1840CFQGHBE YAPAY DAHLIA \u00c7\u0130\u00c7E\u011e\u0130 KREM 61 CM<\/p>\n","protected":false},"featured_media":28155,"template":"","meta":[],"product_brand":[],"product_cat":[28],"product_tag":[6137],"class_list":{"0":"post-28153","1":"product","2":"type-product","3":"status-publish","4":"has-post-thumbnail","6":"product_cat-genel","7":"product_tag-900jia000038","9":"first","10":"instock","11":"taxable","12":"shipping-taxable","13":"product-type-simple"},"_links":{"self":[{"href":"https:\/\/kervanmagazacilik.com\/index.php\/wp-json\/wp\/v2\/product\/28153","targetHints":{"allow":["GET"]}}],"collection":[{"href":"https:\/\/kervanmagazacilik.com\/index.php\/wp-json\/wp\/v2\/product"}],"about":[{"href":"https:\/\/kervanmagazacilik.com\/index.php\/wp-json\/wp\/v2\/types\/product"}],"wp:featuredmedia":[{"embeddable":true,"href":"https:\/\/kervanmagazacilik.com\/index.php\/wp-json\/wp\/v2\/media\/28155"}],"wp:attachment":[{"href":"https:\/\/kervanmagazacilik.com\/index.php\/wp-json\/wp\/v2\/media?parent=28153"}],"wp:term":[{"taxonomy":"product_brand","embeddable":true,"href":"https:\/\/kervanmagazacilik.com\/index.php\/wp-json\/wp\/v2\/product_brand?post=28153"},{"taxonomy":"product_cat","embeddable":true,"href":"https:\/\/kervanmagazacilik.com\/index.php\/wp-json\/wp\/v2\/product_cat?post=28153"},{"taxonomy":"product_tag","embeddable":true,"href":"https:\/\/kervanmagazacilik.com\/index.php\/wp-json\/wp\/v2\/product_tag?post=28153"}],"curies":[{"name":"wp","href":"https:\/\/api.w.org\/{rel}","templated":true}]}}