{"id":28072,"date":"2025-07-01T15:02:54","date_gmt":"2025-07-01T12:02:54","guid":{"rendered":"https:\/\/kervanmagazacilik.com\/?post_type=product&#038;p=28072"},"modified":"2025-07-01T15:02:55","modified_gmt":"2025-07-01T12:02:55","slug":"900jia000049","status":"publish","type":"product","link":"https:\/\/kervanmagazacilik.com\/index.php\/urun\/900jia000049\/","title":{"rendered":"900JIA000049"},"content":{"rendered":"<p>900JIA000049<\/p>\n<p>HA4XYD18412EGN YAPAY \u00c7ALI YE\u015e\u0130L 38 CM<\/p>\n","protected":false},"excerpt":{"rendered":"<p>900JIA000049 HA4XYD18412EGN YAPAY \u00c7ALI YE\u015e\u0130L 38 CM<\/p>\n","protected":false},"featured_media":28076,"template":"","meta":[],"product_brand":[],"product_cat":[285],"product_tag":[6115],"class_list":{"0":"post-28072","1":"product","2":"type-product","3":"status-publish","4":"has-post-thumbnail","6":"product_cat-900jia","7":"product_tag-900jia000049","9":"first","10":"instock","11":"taxable","12":"shipping-taxable","13":"product-type-simple"},"_links":{"self":[{"href":"https:\/\/kervanmagazacilik.com\/index.php\/wp-json\/wp\/v2\/product\/28072","targetHints":{"allow":["GET"]}}],"collection":[{"href":"https:\/\/kervanmagazacilik.com\/index.php\/wp-json\/wp\/v2\/product"}],"about":[{"href":"https:\/\/kervanmagazacilik.com\/index.php\/wp-json\/wp\/v2\/types\/product"}],"wp:featuredmedia":[{"embeddable":true,"href":"https:\/\/kervanmagazacilik.com\/index.php\/wp-json\/wp\/v2\/media\/28076"}],"wp:attachment":[{"href":"https:\/\/kervanmagazacilik.com\/index.php\/wp-json\/wp\/v2\/media?parent=28072"}],"wp:term":[{"taxonomy":"product_brand","embeddable":true,"href":"https:\/\/kervanmagazacilik.com\/index.php\/wp-json\/wp\/v2\/product_brand?post=28072"},{"taxonomy":"product_cat","embeddable":true,"href":"https:\/\/kervanmagazacilik.com\/index.php\/wp-json\/wp\/v2\/product_cat?post=28072"},{"taxonomy":"product_tag","embeddable":true,"href":"https:\/\/kervanmagazacilik.com\/index.php\/wp-json\/wp\/v2\/product_tag?post=28072"}],"curies":[{"name":"wp","href":"https:\/\/api.w.org\/{rel}","templated":true}]}}