{"id":28064,"date":"2025-07-01T14:51:01","date_gmt":"2025-07-01T11:51:01","guid":{"rendered":"https:\/\/kervanmagazacilik.com\/?post_type=product&#038;p=28064"},"modified":"2025-07-01T14:54:14","modified_gmt":"2025-07-01T11:54:14","slug":"900jia000045","status":"publish","type":"product","link":"https:\/\/kervanmagazacilik.com\/index.php\/urun\/900jia000045\/","title":{"rendered":"900JIA000045"},"content":{"rendered":"<p>900JIA000045<\/p>\n<p>HA5HJ668AT453 YAPAY GERBERA \u00c7\u0130\u00c7E\u011e\u0130 BEYAZ 48 CM<\/p>\n","protected":false},"excerpt":{"rendered":"<p>900JIA000045 HA5HJ668AT453 YAPAY GERBERA \u00c7\u0130\u00c7E\u011e\u0130 BEYAZ 48 CM<\/p>\n","protected":false},"featured_media":28065,"template":"","meta":[],"product_brand":[],"product_cat":[28],"product_tag":[6111],"class_list":{"0":"post-28064","1":"product","2":"type-product","3":"status-publish","4":"has-post-thumbnail","6":"product_cat-genel","7":"product_tag-900jia000045","9":"first","10":"instock","11":"taxable","12":"shipping-taxable","13":"product-type-simple"},"_links":{"self":[{"href":"https:\/\/kervanmagazacilik.com\/index.php\/wp-json\/wp\/v2\/product\/28064","targetHints":{"allow":["GET"]}}],"collection":[{"href":"https:\/\/kervanmagazacilik.com\/index.php\/wp-json\/wp\/v2\/product"}],"about":[{"href":"https:\/\/kervanmagazacilik.com\/index.php\/wp-json\/wp\/v2\/types\/product"}],"wp:featuredmedia":[{"embeddable":true,"href":"https:\/\/kervanmagazacilik.com\/index.php\/wp-json\/wp\/v2\/media\/28065"}],"wp:attachment":[{"href":"https:\/\/kervanmagazacilik.com\/index.php\/wp-json\/wp\/v2\/media?parent=28064"}],"wp:term":[{"taxonomy":"product_brand","embeddable":true,"href":"https:\/\/kervanmagazacilik.com\/index.php\/wp-json\/wp\/v2\/product_brand?post=28064"},{"taxonomy":"product_cat","embeddable":true,"href":"https:\/\/kervanmagazacilik.com\/index.php\/wp-json\/wp\/v2\/product_cat?post=28064"},{"taxonomy":"product_tag","embeddable":true,"href":"https:\/\/kervanmagazacilik.com\/index.php\/wp-json\/wp\/v2\/product_tag?post=28064"}],"curies":[{"name":"wp","href":"https:\/\/api.w.org\/{rel}","templated":true}]}}