{"id":28014,"date":"2025-06-30T13:42:41","date_gmt":"2025-06-30T10:42:41","guid":{"rendered":"https:\/\/kervanmagazacilik.com\/?post_type=product&#038;p=28014"},"modified":"2025-06-30T13:42:42","modified_gmt":"2025-06-30T10:42:42","slug":"611db0000064","status":"publish","type":"product","link":"https:\/\/kervanmagazacilik.com\/index.php\/urun\/611db0000064\/","title":{"rendered":"611DB0000064"},"content":{"rendered":"<p>611DB0000064<\/p>\n<p>BABA KOLTU\u011eU+TV KOLTU\u011eU DER\u0130 KAHVE (JLB02B_B218# V\u0130NTAGE C\u0130GAR11)<\/p>\n","protected":false},"excerpt":{"rendered":"<p>611DB0000064 BABA KOLTU\u011eU+TV KOLTU\u011eU DER\u0130 KAHVE (JLB02B_B218# V\u0130NTAGE C\u0130GAR11)<\/p>\n","protected":false},"featured_media":28015,"template":"","meta":[],"product_brand":[],"product_cat":[144],"product_tag":[6108],"class_list":{"0":"post-28014","1":"product","2":"type-product","3":"status-publish","4":"has-post-thumbnail","6":"product_cat-611db","7":"product_tag-611db0000064","9":"first","10":"instock","11":"taxable","12":"shipping-taxable","13":"product-type-simple"},"_links":{"self":[{"href":"https:\/\/kervanmagazacilik.com\/index.php\/wp-json\/wp\/v2\/product\/28014","targetHints":{"allow":["GET"]}}],"collection":[{"href":"https:\/\/kervanmagazacilik.com\/index.php\/wp-json\/wp\/v2\/product"}],"about":[{"href":"https:\/\/kervanmagazacilik.com\/index.php\/wp-json\/wp\/v2\/types\/product"}],"wp:featuredmedia":[{"embeddable":true,"href":"https:\/\/kervanmagazacilik.com\/index.php\/wp-json\/wp\/v2\/media\/28015"}],"wp:attachment":[{"href":"https:\/\/kervanmagazacilik.com\/index.php\/wp-json\/wp\/v2\/media?parent=28014"}],"wp:term":[{"taxonomy":"product_brand","embeddable":true,"href":"https:\/\/kervanmagazacilik.com\/index.php\/wp-json\/wp\/v2\/product_brand?post=28014"},{"taxonomy":"product_cat","embeddable":true,"href":"https:\/\/kervanmagazacilik.com\/index.php\/wp-json\/wp\/v2\/product_cat?post=28014"},{"taxonomy":"product_tag","embeddable":true,"href":"https:\/\/kervanmagazacilik.com\/index.php\/wp-json\/wp\/v2\/product_tag?post=28014"}],"curies":[{"name":"wp","href":"https:\/\/api.w.org\/{rel}","templated":true}]}}