{"id":27941,"date":"2025-06-30T09:34:18","date_gmt":"2025-06-30T06:34:18","guid":{"rendered":"https:\/\/kervanmagazacilik.com\/?post_type=product&#038;p=27941"},"modified":"2025-06-30T09:34:18","modified_gmt":"2025-06-30T06:34:18","slug":"611ps0000100","status":"publish","type":"product","link":"https:\/\/kervanmagazacilik.com\/index.php\/urun\/611ps0000100\/","title":{"rendered":"611PS0000100"},"content":{"rendered":"<p>611PS0000100<\/p>\n<p>TV \u00dcN\u0130TES\u0130 160x40x65cm BQE3<\/p>\n<p>Bayur Ah\u015fap + MDF P2 + Kaplama Mindi Tozu bir toz bezi ile temizleyin.<\/p>\n","protected":false},"excerpt":{"rendered":"<p>611PS0000100 TV \u00dcN\u0130TES\u0130 160x40x65cm BQE3 Bayur Ah\u015fap + MDF P2 + Kaplama Mindi Tozu bir toz bezi ile temizleyin.<\/p>\n","protected":false},"featured_media":27942,"template":"","meta":[],"product_brand":[],"product_cat":[74],"product_tag":[6087],"class_list":{"0":"post-27941","1":"product","2":"type-product","3":"status-publish","4":"has-post-thumbnail","6":"product_cat-611ps","7":"product_tag-611ps0000100","9":"first","10":"instock","11":"taxable","12":"shipping-taxable","13":"product-type-simple"},"_links":{"self":[{"href":"https:\/\/kervanmagazacilik.com\/index.php\/wp-json\/wp\/v2\/product\/27941","targetHints":{"allow":["GET"]}}],"collection":[{"href":"https:\/\/kervanmagazacilik.com\/index.php\/wp-json\/wp\/v2\/product"}],"about":[{"href":"https:\/\/kervanmagazacilik.com\/index.php\/wp-json\/wp\/v2\/types\/product"}],"wp:featuredmedia":[{"embeddable":true,"href":"https:\/\/kervanmagazacilik.com\/index.php\/wp-json\/wp\/v2\/media\/27942"}],"wp:attachment":[{"href":"https:\/\/kervanmagazacilik.com\/index.php\/wp-json\/wp\/v2\/media?parent=27941"}],"wp:term":[{"taxonomy":"product_brand","embeddable":true,"href":"https:\/\/kervanmagazacilik.com\/index.php\/wp-json\/wp\/v2\/product_brand?post=27941"},{"taxonomy":"product_cat","embeddable":true,"href":"https:\/\/kervanmagazacilik.com\/index.php\/wp-json\/wp\/v2\/product_cat?post=27941"},{"taxonomy":"product_tag","embeddable":true,"href":"https:\/\/kervanmagazacilik.com\/index.php\/wp-json\/wp\/v2\/product_tag?post=27941"}],"curies":[{"name":"wp","href":"https:\/\/api.w.org\/{rel}","templated":true}]}}